{"id":53114,"date":"2026-04-24T16:41:27","date_gmt":"2026-04-24T14:41:27","guid":{"rendered":"https:\/\/www.amt.genova.it\/amt\/?page_id=53114"},"modified":"2026-05-02T15:00:59","modified_gmt":"2026-05-02T13:00:59","slug":"adunata-alpini-8-9-e-10-maggio-2026","status":"publish","type":"page","link":"https:\/\/www.amt.genova.it\/amt\/home\/adunata-alpini-8-9-e-10-maggio-2026\/","title":{"rendered":"Adunata Alpini 8 9 e 10 maggio 2026"},"content":{"rendered":"<pre><\/pre>\n<h1>Come cambia il trasporto pubblico nei giorni dell\u2019Adunata. Percorsi e potenziamenti.<\/h1>\n<div class=\"row \"><\/div><!-- .row (end) -->\n<div>\n<h3><img loading=\"lazy\" decoding=\"async\" class=\"wp-image-53231 alignleft\" src=\"https:\/\/www.amt.genova.it\/amt\/wp-content\/uploads\/2026\/04\/metr.png\" alt=\"\" width=\"200\" height=\"102\" \/><\/h3>\n<h3><strong>Potenziamento della metropolitana<\/strong><\/h3>\n<p>Utilizzala per raggiungere facilmente i principali punti di interesse: Cittadelle, Food Truck e Gadget Alpini, punti di partenza\/arrivo delle sfilate.<\/p>\n<p>Principali fermate utili: <strong>Brignole<\/strong>, <strong>De Ferrari<\/strong> e <strong>San Giorgio<\/strong>.<\/p>\n<p>Il servizio della metropolitana sar\u00e0 <strong>intensificato nelle giornate di sabato 9 e domenica 10 maggio<\/strong>, con una corsa ogni 6 minuti circa dalle 13.00 alle 20.00; <strong>nella notte tra sabato e domenica<\/strong> la metro non chiuder\u00e0 e tra l\u20191.00 e le 6.00 di domenica 10 maggio sar\u00e0 attiva con una corsa ogni 20 minuti.<\/p>\n<p><a href=\"https:\/\/www.amt.genova.it\/amt\/trasporto-multimodale\/metropolitana\/\">Info utili sulla metro &gt;<\/a><\/p>\n<div class=\"row \"><\/div><!-- .row (end) -->\n<\/div>\n<div>\n<p><img loading=\"lazy\" decoding=\"async\" class=\"wp-image-53232 alignleft\" src=\"https:\/\/www.amt.genova.it\/amt\/wp-content\/uploads\/2026\/04\/urbano_1.png\" alt=\"\" width=\"200\" height=\"102\" \/><\/p>\n<h3><strong>Variazione dei percorsi delle linee bus urbane di Genova<\/strong><\/h3>\n<p><a href=\"https:\/\/www.amt.genova.it\/amt\/home\/adunata-alpini-8-9-e-10-maggio-2026\/tabella-linee-urbane-fase-1\/\">Clicca qui<\/a> per consultare l\u2019elenco delle linee coinvolte nelle giornate di <strong data-start=\"75\" data-end=\"130\">venerd\u00ec 8 e sabato 9 maggio<\/strong>.<\/p>\n<p><a href=\"https:\/\/www.amt.genova.it\/amt\/home\/adunata-alpini-8-9-e-10-maggio-2026\/tabella-linee-urbane-fase-2\/\">Clicca qui<\/a> per consultare l\u2019elenco delle linee coinvolte nella giornata di <strong>domenica 10 maggio.<\/strong><\/p>\n<p>&nbsp;<\/p>\n<div class=\"row \"><\/div><!-- .row (end) -->\n<\/div>\n<div>\n<p><img loading=\"lazy\" decoding=\"async\" class=\"wp-image-53233 alignleft\" src=\"https:\/\/www.amt.genova.it\/amt\/wp-content\/uploads\/2026\/04\/extra_1.png\" alt=\"\" width=\"200\" height=\"102\" \/><\/p>\n<h3><strong>Variazioni dei percorsi delle linee bus extraurbane di Genova<\/strong><\/h3>\n<p>Le linee extraurbane <strong>702, 715, 725, 726, 727, 728, 774, 775, 776<\/strong> effettuano <strong>capolinea provvisorio sulla piastra di Marassi dal 4 al 12 maggio.<\/strong><\/p>\n<p><a href=\"https:\/\/www.amt.genova.it\/amt\/home\/adunata-alpini-8-9-e-10-maggio-2026\/linee-extraurbane-variazioni\/\">Clicca qui<\/a> per consultare i percorsi.<\/p>\n<p>&nbsp;<\/p>\n<div class=\"row \"><\/div><!-- .row (end) -->\n<h3><img loading=\"lazy\" decoding=\"async\" class=\"wp-image-53234 alignleft\" style=\"font-size: 16px;\" src=\"https:\/\/www.amt.genova.it\/amt\/wp-content\/uploads\/2026\/04\/volabus_1.png\" alt=\"\" width=\"200\" height=\"102\" \/><strong>Variazioni dei percorsi della linea Volabus<\/strong><\/h3>\n<p><strong>Da luned\u00ec 4 a gioved\u00ec 7 maggio e da luned\u00ec 11 a marted\u00ec 12 maggio<br \/>\n<\/strong>In direzione aeroporto viene attivata la <strong>fermata provvisoria in via XX Settembre <\/strong>(incrocio con via V Dicembre) e la fermata De Ferrari\/Metro viene temporaneamente sospesa. I capolinea restano invariati.<\/p>\n<p>Nelle giornate di <strong>venerd\u00ec 8 e sabato 9 maggio<\/strong>, in entrambe le direzioni <strong>non effettua la fermata di De Ferrari\/Metro.<\/strong><\/p>\n<p>Nella giornata di <strong>domenica 10 maggio <\/strong>la linea effettua servizio sulla <strong>tratta Principe - Aeroporto<\/strong>. Temporaneamente sospesi la fermata De Ferrari\/Metro e il capolinea di Brignole.<\/p>\n<p><a href=\"https:\/\/www.amt.genova.it\/amt\/trasporto-multimodale\/partenze\/?linea=VLB\">Orario &gt;<\/a><\/p>\n<div class=\"row \"><\/div><!-- .row (end) -->\n<hr \/>\n<p><a href=\"https:\/\/www.amt.genova.it\/amt\/biglietti-e-abbonamenti-2\/adunata-alpini\/\"><img loading=\"lazy\" decoding=\"async\" class=\"alignleft wp-image-53217\" src=\"https:\/\/www.amt.genova.it\/amt\/wp-content\/uploads\/2026\/04\/Tiket-adunata-box-300x300.png\" alt=\"\" width=\"155\" height=\"155\" srcset=\"https:\/\/www.amt.genova.it\/amt\/wp-content\/uploads\/2026\/04\/Tiket-adunata-box-300x300.png 300w, https:\/\/www.amt.genova.it\/amt\/wp-content\/uploads\/2026\/04\/Tiket-adunata-box-1024x1024.png 1024w, https:\/\/www.amt.genova.it\/amt\/wp-content\/uploads\/2026\/04\/Tiket-adunata-box-768x768.png 768w, https:\/\/www.amt.genova.it\/amt\/wp-content\/uploads\/2026\/04\/Tiket-adunata-box.png 1080w\" sizes=\"auto, (max-width: 155px) 100vw, 155px\" \/><\/a>Biglietto speciale per l\u2019Adunata degli Alpini 2026 a Genova.<br \/>\nCosto 10 euro valido dalle\u00a0<strong>ore 00:00 dell\u201908\/05\/2026<\/strong>\u00a0alle\u00a0<strong>ore 23:59 del 10\/05\/2026<\/strong><br \/>\n<div class=\"row \"><\/div><!-- .row (end) -->\n<p><a href=\"https:\/\/www.amt.genova.it\/amt\/wp-content\/uploads\/2025\/01\/Libretto-TETTO-della-citta-ITALIANO-bassa.pdf\"><img loading=\"lazy\" decoding=\"async\" class=\"wp-image-38610 alignleft\" src=\"https:\/\/www.amt.genova.it\/amt\/wp-content\/uploads\/2023\/04\/cover-Libretto-TETTO-della-citta-IT-300x300.jpg\" alt=\"\" width=\"150\" height=\"150\" srcset=\"https:\/\/www.amt.genova.it\/amt\/wp-content\/uploads\/2023\/04\/cover-Libretto-TETTO-della-citta-IT-300x300.jpg 300w, https:\/\/www.amt.genova.it\/amt\/wp-content\/uploads\/2023\/04\/cover-Libretto-TETTO-della-citta-IT-1024x1022.jpg 1024w, https:\/\/www.amt.genova.it\/amt\/wp-content\/uploads\/2023\/04\/cover-Libretto-TETTO-della-citta-IT-768x766.jpg 768w, https:\/\/www.amt.genova.it\/amt\/wp-content\/uploads\/2023\/04\/cover-Libretto-TETTO-della-citta-IT-1536x1533.jpg 1536w, https:\/\/www.amt.genova.it\/amt\/wp-content\/uploads\/2023\/04\/cover-Libretto-TETTO-della-citta-IT.jpg 1761w\" sizes=\"auto, (max-width: 150px) 100vw, 150px\" \/><\/a>Scopri gli impianti speciali di AMT: ascensori, funicolari e una ferrovia a cremagliera<\/p>\n<\/div>\n<div class=\"row \"><\/div><!-- .row (end) -->\n<a href=\"https:\/\/www.amt.genova.it\/amt\/wp-content\/uploads\/2024\/10\/Depliant-turistico-23-provinciale-bassa.pdf\"><img loading=\"lazy\" decoding=\"async\" class=\"wp-image-46359 alignleft\" src=\"https:\/\/www.amt.genova.it\/amt\/wp-content\/uploads\/2024\/10\/BOXdepliantprovinciale.jpg\" alt=\"\" width=\"150\" height=\"150\" \/><\/a>Scopri i bacini della provincia di Genova: dal mare alla montagna, passando per la campagna e i borghi tipici del nostro territorio.<\/p>\n ","protected":false},"excerpt":{"rendered":"Come cambia il trasporto pubblico nei giorni dell\u2019Adunata. Percorsi e potenziamenti. Potenziamento della metropolitana Utilizzala per raggiungere facilmente i principali punti di interesse: Cittadelle, Food Truck e Gadget Alpini, punti di partenza\/arrivo delle sfilate. Principali fermate utili: Brignole, De Ferrari e San Giorgio. Il servizio della metropolitana sar\u00e0 intensificato nelle giornate di sabato 9 e domenica 10 maggio, con una&nbsp;<a href=\"https:\/\/www.amt.genova.it\/amt\/home\/adunata-alpini-8-9-e-10-maggio-2026\/\" class=\"read-more\">Continue Reading<\/a>","protected":false},"author":2,"featured_media":0,"parent":203,"menu_order":0,"comment_status":"closed","ping_status":"closed","template":"page-fullwidth.php","meta":{"footnotes":""},"class_list":["post-53114","page","type-page","status-publish","hentry"],"_links":{"self":[{"href":"https:\/\/www.amt.genova.it\/amt\/wp-json\/wp\/v2\/pages\/53114","targetHints":{"allow":["GET"]}}],"collection":[{"href":"https:\/\/www.amt.genova.it\/amt\/wp-json\/wp\/v2\/pages"}],"about":[{"href":"https:\/\/www.amt.genova.it\/amt\/wp-json\/wp\/v2\/types\/page"}],"author":[{"embeddable":true,"href":"https:\/\/www.amt.genova.it\/amt\/wp-json\/wp\/v2\/users\/2"}],"replies":[{"embeddable":true,"href":"https:\/\/www.amt.genova.it\/amt\/wp-json\/wp\/v2\/comments?post=53114"}],"version-history":[{"count":72,"href":"https:\/\/www.amt.genova.it\/amt\/wp-json\/wp\/v2\/pages\/53114\/revisions"}],"predecessor-version":[{"id":53279,"href":"https:\/\/www.amt.genova.it\/amt\/wp-json\/wp\/v2\/pages\/53114\/revisions\/53279"}],"up":[{"embeddable":true,"href":"https:\/\/www.amt.genova.it\/amt\/wp-json\/wp\/v2\/pages\/203"}],"wp:attachment":[{"href":"https:\/\/www.amt.genova.it\/amt\/wp-json\/wp\/v2\/media?parent=53114"}],"curies":[{"name":"wp","href":"https:\/\/api.w.org\/{rel}","templated":true}]}}