{"id":42795,"date":"2024-01-11T16:37:04","date_gmt":"2024-01-11T15:37:04","guid":{"rendered":"https:\/\/www.amt.genova.it\/amt\/?page_id=42795"},"modified":"2025-04-11T15:32:48","modified_gmt":"2025-04-11T13:32:48","slug":"biglietto-24-ore-metdaily","status":"publish","type":"page","link":"https:\/\/www.amt.genova.it\/amt\/biglietti-e-abbonamenti-2\/biglietti-turistici\/biglietto-24-ore-metdaily\/","title":{"rendered":"Biglietto 24 ore MetDaily"},"content":{"rendered":"<p><strong style=\"font-size: 16px;\"><a href=\"https:\/\/www.amt.genova.it\/amt\/biglietti-e-abbonamenti-2\/acquisto-met-daily-24-ore-online\/\"><img loading=\"lazy\" decoding=\"async\" class=\"alignleft wp-image-48857 size-medium\" src=\"https:\/\/www.amt.genova.it\/amt\/wp-content\/uploads\/2025\/04\/banner-biglietti-turistici-sito-300x150.png\" alt=\"\" width=\"300\" height=\"150\" srcset=\"https:\/\/www.amt.genova.it\/amt\/wp-content\/uploads\/2025\/04\/banner-biglietti-turistici-sito-300x150.png 300w, https:\/\/www.amt.genova.it\/amt\/wp-content\/uploads\/2025\/04\/banner-biglietti-turistici-sito.png 600w\" sizes=\"auto, (max-width: 300px) 100vw, 300px\" \/><\/a><\/strong><\/p>\n<p>I <strong>biglietti MetDaily<\/strong> sono la soluzione ideale per i visitatori alla scoperta della citt\u00e0 di Genova e di tutta la sua area metropolitana: valgono su tutti i mezzi AMT (compreso <a href=\"https:\/\/www.amt.genova.it\/amt\/trasporto-multimodale\/navebus-2-2\/\">Navebus<\/a> e <a href=\"https:\/\/www.amt.genova.it\/amt\/trasporto-multimodale\/volabus-2\/\">collegamenti con l\u2019aeroporto<\/a>, <a href=\"https:\/\/www.amt.genova.it\/amt\/trasporto-multimodale\/linee-bus-provinciali-old\/tigullio-occidentale\/portofino\/\">linea 782<\/a> di Portofino e <a href=\"https:\/\/www.amt.genova.it\/amt\/trasporto-multimodale\/ferrovia-genova-casella\/\">Ferrovia Genova Casella<\/a>), e si adattano al tuo soggiorno in base alla durata e al numero di visitatori.<\/p>\n<p>&nbsp;<\/p>\n<p>Solo qui trovi i <a href=\"https:\/\/www.amt.genova.it\/amt\/biglietti-e-abbonamenti-2\/acquisto-met-daily-24-ore-online\/\">biglietti in promozione<\/a>, acquistabili in anticipo.<\/p>\n<p>&nbsp;<\/p>\n<p>I biglietti MetDaily 24 h (singolo o per quattro persone) li trovi anche su AppAMT e con il sistema ILA, con validit\u00e0 immediata dall\u2019acquisto, oppure presso le biglietterie AMT e nelle rivendite convenzionate (edicole, tabaccherie ed esercizi convenzionati) nel formato cartaceo.<\/p>\n<p>Il biglietto deve essere conservato per tutta la sua durata ed esibito al personale di verifica in caso di controllo.<br \/>\nSe acquistati nel formato cartaceo tradizionale, i biglietti 24h da una e quattro persone devono essere convalidati all\u2019inizio del viaggio.<br \/>\nIl biglietto \u00e8 personale, non \u00e8 cedibile e non \u00e8 rimborsabile.<\/p>\n<p>&nbsp;<\/p>\n<p>&nbsp;<\/p>\n ","protected":false},"excerpt":{"rendered":"I biglietti MetDaily sono la soluzione ideale per i visitatori alla scoperta della citt\u00e0 di Genova e di tutta la sua area metropolitana: valgono su tutti i mezzi AMT (compreso Navebus e collegamenti con l\u2019aeroporto, linea 782 di Portofino e Ferrovia Genova Casella), e si adattano al tuo soggiorno in base alla durata e al numero di visitatori. &nbsp; Solo&nbsp;<a href=\"https:\/\/www.amt.genova.it\/amt\/biglietti-e-abbonamenti-2\/biglietti-turistici\/biglietto-24-ore-metdaily\/\" class=\"read-more\">Continue Reading<\/a>","protected":false},"author":2,"featured_media":0,"parent":42701,"menu_order":0,"comment_status":"closed","ping_status":"closed","template":"page-fullwidth.php","meta":{"footnotes":""},"class_list":["post-42795","page","type-page","status-publish","hentry"],"_links":{"self":[{"href":"https:\/\/www.amt.genova.it\/amt\/wp-json\/wp\/v2\/pages\/42795","targetHints":{"allow":["GET"]}}],"collection":[{"href":"https:\/\/www.amt.genova.it\/amt\/wp-json\/wp\/v2\/pages"}],"about":[{"href":"https:\/\/www.amt.genova.it\/amt\/wp-json\/wp\/v2\/types\/page"}],"author":[{"embeddable":true,"href":"https:\/\/www.amt.genova.it\/amt\/wp-json\/wp\/v2\/users\/2"}],"replies":[{"embeddable":true,"href":"https:\/\/www.amt.genova.it\/amt\/wp-json\/wp\/v2\/comments?post=42795"}],"version-history":[{"count":10,"href":"https:\/\/www.amt.genova.it\/amt\/wp-json\/wp\/v2\/pages\/42795\/revisions"}],"predecessor-version":[{"id":48858,"href":"https:\/\/www.amt.genova.it\/amt\/wp-json\/wp\/v2\/pages\/42795\/revisions\/48858"}],"up":[{"embeddable":true,"href":"https:\/\/www.amt.genova.it\/amt\/wp-json\/wp\/v2\/pages\/42701"}],"wp:attachment":[{"href":"https:\/\/www.amt.genova.it\/amt\/wp-json\/wp\/v2\/media?parent=42795"}],"curies":[{"name":"wp","href":"https:\/\/api.w.org\/{rel}","templated":true}]}}