{"id":42509,"date":"2024-01-04T16:52:32","date_gmt":"2024-01-04T15:52:32","guid":{"rendered":"https:\/\/www.amt.genova.it\/amt\/?page_id=42509"},"modified":"2026-04-22T14:22:32","modified_gmt":"2026-04-22T12:22:32","slug":"volabus-2","status":"publish","type":"page","link":"https:\/\/www.amt.genova.it\/amt\/trasporto-multimodale\/volabus-2\/","title":{"rendered":"Volabus"},"content":{"rendered":"<h3 data-section-id=\"14ngrxt\" data-start=\"542\" data-end=\"564\"><strong><img loading=\"lazy\" decoding=\"async\" class=\"wp-image-34680 alignleft\" src=\"https:\/\/www.amt.genova.it\/amt\/wp-content\/uploads\/2022\/08\/Volabus2022-300x225.jpg\" alt=\"\" width=\"258\" height=\"194\" srcset=\"https:\/\/www.amt.genova.it\/amt\/wp-content\/uploads\/2022\/08\/Volabus2022-300x225.jpg 300w, https:\/\/www.amt.genova.it\/amt\/wp-content\/uploads\/2022\/08\/Volabus2022-768x576.jpg 768w, https:\/\/www.amt.genova.it\/amt\/wp-content\/uploads\/2022\/08\/Volabus2022-1024x768.jpg 1024w, https:\/\/www.amt.genova.it\/amt\/wp-content\/uploads\/2022\/08\/Volabus2022-200x150.jpg 200w, https:\/\/www.amt.genova.it\/amt\/wp-content\/uploads\/2022\/08\/Volabus2022.jpg 2048w\" sizes=\"auto, (max-width: 258px) 100vw, 258px\" \/><\/strong><\/h3>\n<p data-start=\"0\" data-end=\"207\"><strong data-start=\"0\" data-end=\"11\">Volabus<\/strong> \u00e8 il servizio AMT che collega direttamente l\u2019aeroporto di Genova con le principali stazioni ferroviarie cittadine, <strong data-start=\"127\" data-end=\"146\">Genova Brignole<\/strong> e <strong data-start=\"149\" data-end=\"175\">Genova Piazza Principe<\/strong>, attraversando il centro citt\u00e0.<\/p>\n<p data-start=\"209\" data-end=\"308\">In circa 30 minuti \u00e8 possibile raggiungere comodamente lo scalo aeroportuale o il centro di Genova.<\/p>\n<p data-start=\"310\" data-end=\"445\">Il servizio \u00e8 attivo tutti i giorni ed \u00e8 pensato per offrire un collegamento rapido ed efficiente.<\/p>\n<ul>\n<li><strong><a href=\"\/amt\/trasporto-multimodale\/partenze\/?linea=VLB\">Orario &gt;<\/a><\/strong><\/li>\n<li><a href=\"https:\/\/www.amt.genova.it\/amt\/biglietti-e-abbonamenti-2\/acquisto-met-daily-24-ore-online\/\">Acquisto Met Daily online &gt;<\/a><\/li>\n<li><a href=\"https:\/\/www.amt.genova.it\/amt\/regolamenti-di-viaggio\/\"><strong>Regolamento &gt;<\/strong><\/a><\/li>\n<\/ul>\n<hr \/>\n<h3 data-section-id=\"1x243lv\" data-start=\"892\" data-end=\"905\"><strong>Titolo di viaggio<\/strong><\/h3>\n<p data-start=\"907\" data-end=\"1091\">Per viaggiare sul Volabus \u00e8 necessario acquistare il biglietto <strong data-start=\"970\" data-end=\"983\">Met Daily<\/strong>, valido 24 ore, che consente la libera circolazione su tutta la rete AMT (urbana e provinciale), inclusi: Navebus, Ferrovia Genova\u2013Casella e linea 782 per Portofino.<\/p>\n<p data-start=\"1161\" data-end=\"1252\" data-is-last-node=\"\" data-is-only-node=\"\">\n<h3 data-section-id=\"14ngrxt\" data-start=\"542\" data-end=\"564\"><strong>Fermate principali<\/strong><\/h3>\n<p data-start=\"566\" data-end=\"606\"><strong data-start=\"566\" data-end=\"604\">Direzione Aeroporto (da Brignole) <\/strong><strong data-start=\"448\" data-end=\"463\">solo salita<\/strong><\/p>\n<ul data-start=\"607\" data-end=\"701\">\n<li data-section-id=\"z7f63c\" data-start=\"607\" data-end=\"634\">Brignole FS (capolinea)<\/li>\n<li data-section-id=\"kwa5hj\" data-start=\"635\" data-end=\"664\">Piazza De Ferrari \/ Metro<\/li>\n<li data-section-id=\"11r86ef\" data-start=\"665\" data-end=\"680\">Principe FS<\/li>\n<li data-section-id=\"1ko3g40\" data-start=\"681\" data-end=\"701\">Aeroporto Arrivi<\/li>\n<\/ul>\n<p data-start=\"703\" data-end=\"743\"><strong data-start=\"703\" data-end=\"741\">Direzione Centro (dall\u2019Aeroporto) solo discesa<\/strong><\/p>\n<ul data-start=\"744\" data-end=\"885\">\n<li data-section-id=\"1ko3g40\" data-start=\"744\" data-end=\"764\">Aeroporto Arrivi<\/li>\n<li data-section-id=\"5vg5rl\" data-start=\"765\" data-end=\"800\">Via Milano \/ Terminal Traghetti<\/li>\n<li data-section-id=\"11r86ef\" data-start=\"801\" data-end=\"816\">Principe FS<\/li>\n<li data-section-id=\"eq7z9v\" data-start=\"817\" data-end=\"857\">Via XX Settembre \/ Piazza De Ferrari<\/li>\n<li data-section-id=\"z7f63c\" data-start=\"858\" data-end=\"885\">Brignole FS (capolinea)<\/li>\n<\/ul>\n<div class=\"content_box  \">\n<h2><strong>Quali titoli di viaggio utilizzare<\/strong><\/h2>\n<ul>\n<li>tutti i biglietti Met Daily<\/li>\n<li>Abbonamenti annuali (escluso Abbonamento Annuale Linee Periferiche e Ascensori)<\/li>\n<\/ul>\n<p><span style=\"color: #ff9900;\"><strong>I biglietti sono acquistabili:<\/strong><\/span><\/p>\n<ul>\n<li>a bordo bus con<a href=\"https:\/\/www.amt.genova.it\/amt\/rete-di-vendita\/acquista-tramite-contactless\/\"> ILA<\/a><strong>,<\/strong> il sistema di pagamento contactless (carte di credito e debito) di AMT<\/li>\n<li>APP AMT<\/li>\n<li>online su <a href=\"https:\/\/www.amt.genova.it\/amt\/biglietti-e-abbonamenti-2\/acquisto-met-daily-24-ore-online\/\">questa pagina<\/a><\/li>\n<li>in aeroporto presso l'emettitrice automatica AMT<\/li>\n<li>presso le biglietterie AMT<\/li>\n<li>presso le emettitrici automatiche AMT (tra cui le stazioni metro Brignole e Principe)<\/li>\n<li>presso alcune rivendite autorizzate<\/li>\n<\/ul>\n<div class=\"clear\"><\/div><\/div><!-- .content_box (end) -->\n ","protected":false},"excerpt":{"rendered":"Volabus \u00e8 il servizio AMT che collega direttamente l\u2019aeroporto di Genova con le principali stazioni ferroviarie cittadine, Genova Brignole e Genova Piazza Principe, attraversando il centro citt\u00e0. In circa 30 minuti \u00e8 possibile raggiungere comodamente lo scalo aeroportuale o il centro di Genova. Il servizio \u00e8 attivo tutti i giorni ed \u00e8 pensato per offrire un collegamento rapido ed efficiente.&nbsp;<a href=\"https:\/\/www.amt.genova.it\/amt\/trasporto-multimodale\/volabus-2\/\" class=\"read-more\">Continue Reading<\/a>","protected":false},"author":2,"featured_media":0,"parent":2163,"menu_order":0,"comment_status":"closed","ping_status":"closed","template":"page-fullwidth.php","meta":{"footnotes":""},"class_list":["post-42509","page","type-page","status-publish","hentry"],"_links":{"self":[{"href":"https:\/\/www.amt.genova.it\/amt\/wp-json\/wp\/v2\/pages\/42509","targetHints":{"allow":["GET"]}}],"collection":[{"href":"https:\/\/www.amt.genova.it\/amt\/wp-json\/wp\/v2\/pages"}],"about":[{"href":"https:\/\/www.amt.genova.it\/amt\/wp-json\/wp\/v2\/types\/page"}],"author":[{"embeddable":true,"href":"https:\/\/www.amt.genova.it\/amt\/wp-json\/wp\/v2\/users\/2"}],"replies":[{"embeddable":true,"href":"https:\/\/www.amt.genova.it\/amt\/wp-json\/wp\/v2\/comments?post=42509"}],"version-history":[{"count":23,"href":"https:\/\/www.amt.genova.it\/amt\/wp-json\/wp\/v2\/pages\/42509\/revisions"}],"predecessor-version":[{"id":53091,"href":"https:\/\/www.amt.genova.it\/amt\/wp-json\/wp\/v2\/pages\/42509\/revisions\/53091"}],"up":[{"embeddable":true,"href":"https:\/\/www.amt.genova.it\/amt\/wp-json\/wp\/v2\/pages\/2163"}],"wp:attachment":[{"href":"https:\/\/www.amt.genova.it\/amt\/wp-json\/wp\/v2\/media?parent=42509"}],"curies":[{"name":"wp","href":"https:\/\/api.w.org\/{rel}","templated":true}]}}