{"id":40782,"date":"2023-09-19T16:10:01","date_gmt":"2023-09-19T14:10:01","guid":{"rendered":"https:\/\/www.amt.genova.it\/amt\/?page_id=40782"},"modified":"2025-06-06T12:16:44","modified_gmt":"2025-06-06T10:16:44","slug":"progetti","status":"publish","type":"page","link":"https:\/\/www.amt.genova.it\/amt\/amt-istituzionale\/amtinnova\/progetti\/","title":{"rendered":"Progetti"},"content":{"rendered":"<h3><strong>SVIARE<\/strong><\/h3>\n<p><img loading=\"lazy\" decoding=\"async\" class=\"alignleft size-medium wp-image-49452\" src=\"https:\/\/www.amt.genova.it\/amt\/wp-content\/uploads\/2025\/06\/sviare-300x60.png\" alt=\"\" width=\"300\" height=\"60\" srcset=\"https:\/\/www.amt.genova.it\/amt\/wp-content\/uploads\/2025\/06\/sviare-300x60.png 300w, https:\/\/www.amt.genova.it\/amt\/wp-content\/uploads\/2025\/06\/sviare-768x154.png 768w, https:\/\/www.amt.genova.it\/amt\/wp-content\/uploads\/2025\/06\/sviare.png 797w\" sizes=\"auto, (max-width: 300px) 100vw, 300px\" \/>AMT \u00e8 coinvolta nel progetto\u00a0<strong>Interreg Marittimo Italia-Francia SVIARE<\/strong>, SVI-luppo delle connessioni per le AREe deboli attraverso soluzioni MaaS.<\/p>\n<p>Il progetto, coordinato dalla Provincia di Livorno, raggruppa un partenariato italo-francese composto da Provincia di Livorno, Regione Liguria, Regione Autonoma della Sardegna, Communaut\u00e9 d\u2019Agglom\u00e9ration de Bastia, Communaut\u00e9 d\u2019Agglom\u00e9ration de la Riviera Fran\u00e7aise. <a href=\"https:\/\/www.amt.genova.it\/amt\/amt-istituzionale\/amtinnova\/progetti\/sviare\/\">Leggi di pi\u00f9<\/a><\/p>\n<hr \/>\n<h3><strong>NEXUS<\/strong><\/h3>\n<p><img loading=\"lazy\" decoding=\"async\" class=\"alignleft wp-image-47325\" src=\"https:\/\/www.amt.genova.it\/amt\/wp-content\/uploads\/2024\/12\/nexus.png\" alt=\"\" width=\"102\" height=\"98\" \/><\/p>\n<p>Il progetto <strong>Nexus<\/strong> esplora nuovi orizzonti di ricerca nei trasporti urbani, concentrandosi sulle metropolitane.<br \/>\nNexus \u00e8 finanziato nell\u2019ambito del programma dell\u2019Unione Europea HORIZON EUROPE e AMT \u00e8 uno dei 12 partner europei che partecipano all\u2019iniziativa.<\/p>\n<p>Al centro della ricerca vi sono le nuove potenzialit\u00e0 offerte dall\u2019intelligenza artificiale, che, in ambito trasporti, possono contribuire a risolvere vecchi e nuovi problemi, incrementando la sostenibilit\u00e0, l\u2019attrattivit\u00e0 e l\u2019affidabilit\u00e0 dei sistemi di mobilit\u00e0 pubblici. <a href=\"https:\/\/www.amt.genova.it\/amt\/amt-istituzionale\/amtinnova\/progetti\/nexus-2\/\">Leggi di pi\u00f9<\/a><\/p>\n<hr \/>\n<h3><strong>DOP<\/strong><\/h3>\n<p><img loading=\"lazy\" decoding=\"async\" class=\"wp-image-44971 alignleft\" src=\"https:\/\/www.amt.genova.it\/amt\/wp-content\/uploads\/2024\/05\/dop.png\" alt=\"\" width=\"138\" height=\"102\" srcset=\"https:\/\/www.amt.genova.it\/amt\/wp-content\/uploads\/2024\/05\/dop.png 469w, https:\/\/www.amt.genova.it\/amt\/wp-content\/uploads\/2024\/05\/dop-300x221.png 300w\" sizes=\"auto, (max-width: 138px) 100vw, 138px\" \/><\/p>\n<p><strong>DOP<\/strong> (Data Ownership Platform per Mobility Data Exchange), un progetto cofinanziato dal Centro di Competenza Start 4.0 tramite un\u2019agevolazione concessa ai sensi del PNRR, MISSIONE 4 COMPONENTE 2 \u201cDalla ricerca all\u2019impresa\u201d, finanziato dall\u2019Unione Europea \u2013 NextGenerationEU.<\/p>\n<p>L\u2019obiettivo del progetto \u00e8 sviluppare la \u201cData Ownership Platform\u201d, un nuovo approccio alla gestione dei<strong> dati personali degli utenti<\/strong>, in modalit\u00e0 <strong>\u201cprivacy by design\u201d<\/strong>, in grado di garantire conformit\u00e0 sia al GDPR che alle normative europee. <a href=\"https:\/\/www.amt.genova.it\/amt\/amt-istituzionale\/amtinnova\/progetti\/dop-2\/\">Leggi di pi\u00f9<\/a><\/p>\n<hr \/>\n<h3><strong>PAVE SCAN<\/strong><\/h3>\n<p><img loading=\"lazy\" decoding=\"async\" class=\"wp-image-44969 alignleft\" src=\"https:\/\/www.amt.genova.it\/amt\/wp-content\/uploads\/2024\/05\/pavescan.png\" alt=\"\" width=\"291\" height=\"138\" srcset=\"https:\/\/www.amt.genova.it\/amt\/wp-content\/uploads\/2024\/05\/pavescan.png 849w, https:\/\/www.amt.genova.it\/amt\/wp-content\/uploads\/2024\/05\/pavescan-300x142.png 300w, https:\/\/www.amt.genova.it\/amt\/wp-content\/uploads\/2024\/05\/pavescan-768x364.png 768w\" sizes=\"auto, (max-width: 291px) 100vw, 291px\" \/><\/p>\n<p>AMT partecipa come partner al progetto <strong>PAVE SCAN<\/strong>, finanziato tramite il programma dell\u2019Unione Europea HORIZON EUROPE.<\/p>\n<p>14 aziende ed enti di ricerca europei si impegnano nel progetto con l\u2019obiettivo di trovare soluzioni innovative per risolvere un problema tipico degli ambienti urbani: le <strong>irregolarit\u00e0 nella pavimentazione stradale<\/strong>. Tale problematica colpisce tutti gli utenti della strada, ma incide maggiormente sugli utenti deboli che sono esposti ai pericoli maggiori: bici, monopattini, pedoni. Ad essere danneggiati sono anche i mezzi pubblici che ogni giorno percorrono migliaia di chilometri nelle grandi citt\u00e0 europee: su di essi pesa l\u2019innalzamento dei costi di manutenzione e la diminuzione del comfort di viaggio per i passeggeri. <a href=\"https:\/\/www.amt.genova.it\/amt\/amt-istituzionale\/amtinnova\/progetti\/pave-scan\/\">Leggi di pi\u00f9<\/a><\/p>\n<p>&nbsp;<\/p>\n<hr \/>\n<h3><strong>Mobiquity<\/strong><\/h3>\n<p><img loading=\"lazy\" decoding=\"async\" class=\"wp-image-44967 alignleft\" src=\"https:\/\/www.amt.genova.it\/amt\/wp-content\/uploads\/2024\/05\/mobiquity.png\" alt=\"\" width=\"201\" height=\"142\" srcset=\"https:\/\/www.amt.genova.it\/amt\/wp-content\/uploads\/2024\/05\/mobiquity.png 408w, https:\/\/www.amt.genova.it\/amt\/wp-content\/uploads\/2024\/05\/mobiquity-300x212.png 300w\" sizes=\"auto, (max-width: 201px) 100vw, 201px\" \/><\/p>\n<p><strong>Mobiquity<\/strong> \u00e8 un progetto di ricerca e sviluppo che coinvolge AMT, cofinanziato dall\u2019Unione Europea, per mezzo del programma PR FESR Liguria 2021-2027.<br \/>\nIl progetto, guidato dalla capofila TBridge, vede come partner anche le aziende Aitek, GGallery, LogOil, Nextage e l\u2019Universit\u00e0 degli Studi di Genova alla supervisione delle attivit\u00e0 di ricerca.<br \/>\nMobiquity \u00e8 orientato alla riduzione del gap di <strong>accessibilit\u00e0 al trasporto pubblico<\/strong> per le Persone a Mobilit\u00e0 Ridotta (PMR) e alla garanzia di un\u2019esperienza di viaggio sicura e confortevole, anche al fine di ridurre il divario in termini di opportunit\u00e0 di accesso ad attivit\u00e0 e servizi essenziali ed incentivare l\u2019aspirazione a coltivare un proprio spazio sociale. <a href=\"https:\/\/www.amt.genova.it\/amt\/amt-istituzionale\/amtinnova\/progetti\/mobiquity-2\/\">Leggi di pi\u00f9<\/a><\/p>\n<p>&nbsp;<\/p>\n<hr \/>\n<p><strong>BaaS<\/strong><\/p>\n<p><img loading=\"lazy\" decoding=\"async\" class=\"wp-image-34687 alignleft\" src=\"https:\/\/www.amt.genova.it\/amt\/wp-content\/uploads\/2022\/08\/BusSolarisDeFerrari.jpg\" alt=\"\" width=\"171\" height=\"96\" srcset=\"https:\/\/www.amt.genova.it\/amt\/wp-content\/uploads\/2022\/08\/BusSolarisDeFerrari.jpg 4032w, https:\/\/www.amt.genova.it\/amt\/wp-content\/uploads\/2022\/08\/BusSolarisDeFerrari-300x169.jpg 300w, https:\/\/www.amt.genova.it\/amt\/wp-content\/uploads\/2022\/08\/BusSolarisDeFerrari-768x432.jpg 768w, https:\/\/www.amt.genova.it\/amt\/wp-content\/uploads\/2022\/08\/BusSolarisDeFerrari-1024x576.jpg 1024w\" sizes=\"auto, (max-width: 171px) 100vw, 171px\" \/><img loading=\"lazy\" decoding=\"async\" class=\"wp-image-44965 alignleft\" src=\"https:\/\/www.amt.genova.it\/amt\/wp-content\/uploads\/2024\/05\/baas.png\" alt=\"\" width=\"189\" height=\"79\" srcset=\"https:\/\/www.amt.genova.it\/amt\/wp-content\/uploads\/2024\/05\/baas.png 325w, https:\/\/www.amt.genova.it\/amt\/wp-content\/uploads\/2024\/05\/baas-300x126.png 300w\" sizes=\"auto, (max-width: 189px) 100vw, 189px\" \/><\/p>\n<p>&nbsp;<\/p>\n<p>Il <strong>progetto BaaS (Bus As A Sensor)<\/strong> punta a rendere l\u2019autobus un sistema tecnologico all\u2019avanguardia, in grado di raccogliere dati dall\u2019interno del mezzo, migliorare il <strong>comfort di viaggio<\/strong> per i passeggeri e le <strong>informazioni<\/strong> a disposizione di azienda e clienti. <a href=\"https:\/\/www.amt.genova.it\/amt\/amt-istituzionale\/amtinnova\/progetti\/baas-2\/\">Leggi di pi\u00f9<\/a><\/p>\n<p>&nbsp;<\/p>\n<hr \/>\n<h3><strong>Prevent PCP<\/strong><\/h3>\n<p><img loading=\"lazy\" decoding=\"async\" class=\"alignleft wp-image-40916\" src=\"https:\/\/www.amt.genova.it\/amt\/wp-content\/uploads\/2023\/09\/the-project-300x234.jpg\" alt=\"\" width=\"153\" height=\"119\" srcset=\"https:\/\/www.amt.genova.it\/amt\/wp-content\/uploads\/2023\/09\/the-project-300x234.jpg 300w, https:\/\/www.amt.genova.it\/amt\/wp-content\/uploads\/2023\/09\/the-project.jpg 552w\" sizes=\"auto, (max-width: 153px) 100vw, 153px\" \/>AMT \u00e8 partner del progetto europeo <a href=\"https:\/\/prevent-pcp.eu\/\">Prevent PCP - Procurements Of Innovative Advanced Systems To Support Security In Public Transport, Pre-Commercial Procurment<\/a>, inserito nell\u2019ambito del pi\u00f9 ampio programma di finanziamenti per la ricerca e lo sviluppo \u201cHorizon 2020\u201d.<\/p>\n<p>Il progetto \u00e8 condotto da una cordata internazionale di 24 partner tra cui centri di ricerca, enti locali ed importanti aziende di trasporto pubblico di Francia, Spagna, Portogallo, Grecia, Polonia, Belgio e Paesi Bassi. <a href=\"https:\/\/www.amt.genova.it\/amt\/amt-istituzionale\/amtinnova\/progetti\/prevent-pcp\/\">Leggi di pi\u00f9<\/a><\/p>\n<p>&nbsp;<\/p>\n<hr \/>\n<h3><strong>MobiSpaces<\/strong><\/h3>\n<p><img loading=\"lazy\" decoding=\"async\" class=\"wp-image-33198 alignleft\" style=\"font-size: 16px;\" src=\"https:\/\/www.amt.genova.it\/amt\/wp-content\/uploads\/2022\/05\/slide_solaris_full_electric-de-ferrari-300x110.jpg\" sizes=\"auto, (max-width: 300px) 100vw, 300px\" srcset=\"https:\/\/www.amt.genova.it\/amt\/wp-content\/uploads\/2022\/05\/slide_solaris_full_electric-de-ferrari-300x110.jpg 300w, https:\/\/www.amt.genova.it\/amt\/wp-content\/uploads\/2022\/05\/slide_solaris_full_electric-de-ferrari-768x281.jpg 768w, https:\/\/www.amt.genova.it\/amt\/wp-content\/uploads\/2022\/05\/slide_solaris_full_electric-de-ferrari-1024x375.jpg 1024w, https:\/\/www.amt.genova.it\/amt\/wp-content\/uploads\/2022\/05\/slide_solaris_full_electric-de-ferrari-270x98.jpg 270w, https:\/\/www.amt.genova.it\/amt\/wp-content\/uploads\/2022\/05\/slide_solaris_full_electric-de-ferrari.jpg 1170w\" alt=\"\" width=\"395\" height=\"145\" \/><\/p>\n<p>AMT \u00e8 uno dei partner del progetto <strong>MobiSpaces<\/strong>, inserito nell\u2019ambito del programma\u00a0<strong>Horizon Europe<\/strong>, la cui cordata europea \u00e8 composta da 25 soggetti, tra cui societ\u00e0 pubbliche e private specializzate in IoT, cyber security e mobilit\u00e0.<br \/>\nIl progetto studia nuove modalit\u00e0 di gestione e trasmissione dei dati, di Intelligenza Artificiale e Machine Learning nel campo della mobilit\u00e0. AMT ha la leadership di uno dei 5 piloti (\u201cUse Cases\u201d).<br \/>\nIl pilota guidato da AMT si concentra in particolare sulla flotta genovese di bus elettrici, che \u00e8 in continua espansione, e che presenta numerose peculiarit\u00e0 che rendono importante studiarne diversi aspetti. <a href=\"https:\/\/www.amt.genova.it\/amt\/amt-istituzionale\/amtinnova\/progetti\/mobispaces\/\">Leggi di pi\u00f9\u00a0<\/a><\/p>\n<p>&nbsp;<\/p>\n<hr \/>\n<h3><strong>Sperimentazione \u201c5G\u201d<\/strong><\/h3>\n<p><img loading=\"lazy\" decoding=\"async\" class=\"wp-image-40653 alignleft\" src=\"https:\/\/www.amt.genova.it\/amt\/wp-content\/uploads\/2023\/09\/5G.jpg\" alt=\"\" width=\"122\" height=\"92\" \/><\/p>\n<p>La sperimentazione \u201c5G\u201d ha visto coinvolti Vodafone, Comune di Genova, AMT, Leonardo, CNR e START 4.0. Grazie all\u2019aggiudicazione di un bando pubblico indetto dal Ministero dello Sviluppo Economico, tra il 2020 e il 2022, i partner hanno realizzato 4 progetti, che hanno permesso di testare importanti potenzialit\u00e0 della tecnologia 5G nell\u2019ambito dei trasporti e delle infrastrutture. <a href=\"https:\/\/www.amt.genova.it\/amt\/amt-istituzionale\/amtinnova\/progetti\/5g\/\">Leggi di pi\u00f9<\/a><\/p>\n<p>&nbsp;<\/p>\n<hr \/>\n<h3><strong>SmartStop<\/strong><\/h3>\n<p><img loading=\"lazy\" decoding=\"async\" class=\"wp-image-40670 alignleft\" src=\"https:\/\/www.amt.genova.it\/amt\/wp-content\/uploads\/2023\/09\/SmartStop2-300x266.png\" alt=\"\" width=\"127\" height=\"113\" srcset=\"https:\/\/www.amt.genova.it\/amt\/wp-content\/uploads\/2023\/09\/SmartStop2-300x266.png 300w, https:\/\/www.amt.genova.it\/amt\/wp-content\/uploads\/2023\/09\/SmartStop2-768x682.png 768w, https:\/\/www.amt.genova.it\/amt\/wp-content\/uploads\/2023\/09\/SmartStop2.png 902w\" sizes=\"auto, (max-width: 127px) 100vw, 127px\" \/><\/p>\n<p>Il progetto\u00a0<strong>SmartStop<\/strong> ha innovato il concetto di fermata bus, trasformandola da semplice punto di riferimento e di accesso per i mezzi di trasporto pubblico a un luogo in grado di raccogliere informazioni utili per migliorare la gestione operativa del servizio.<\/p>\n<p>Smart Stop \u00e8 stato avviato a settembre 2021 da una associazione temporanea di scopo, coordinata da\u00a0<strong>AMT<\/strong>, di cui hanno fatto parte\u00a0<strong>Aitek, BF Partners, Circle Garage, MAPS e Rulex<\/strong>. Fondamentale \u00e8 stata anche la collaborazione dell\u2019Universit\u00e0 degli Studi di Genova, di Netalia e di Leonardo. <a href=\"https:\/\/www.amt.genova.it\/amt\/amt-istituzionale\/amtinnova\/progetti\/smartstop\/\">Leggi di pi\u00f9<\/a><\/p>\n<p>&nbsp;<\/p>\n<hr \/>\n<h3><strong>Progetto GetUp<\/strong><\/h3>\n<p><img loading=\"lazy\" decoding=\"async\" class=\"wp-image-40684 alignleft\" src=\"https:\/\/www.amt.genova.it\/amt\/wp-content\/uploads\/2023\/09\/silverbus.jpg\" alt=\"\" width=\"180\" height=\"101\" \/><\/p>\n<p>Il progetto GeTUP, Green MaaS for adapTive Urban Planning, coordinato da AlgoWatt, ha sviluppato e sperimentato soluzioni innovative anche sotto il punto di vista dell\u2019usabilit\u00e0 e della creazione di servizi ad elevata accessibilit\u00e0 per utenze specifiche. In particolare, in collaborazione con AMT, partner del progetto, \u00e8 stato sperimentato un servizio innovativo denominato \u201cSilver Bus\u201d, un servizio dedicato a chiamata per l\u2019utenza anziana. <a href=\"https:\/\/www.amt.genova.it\/amt\/amt-istituzionale\/amtinnova\/progetti\/getup\/\">Leggi di pi\u00f9<\/a><\/p>\n<p>&nbsp;<\/p>\n<hr \/>\n<h3><strong><strong>CityScape\u00a0<\/strong><\/strong><\/h3>\n<p><img loading=\"lazy\" decoding=\"async\" class=\"alignleft wp-image-36403 \" src=\"https:\/\/www.amt.genova.it\/amt\/wp-content\/uploads\/2022\/12\/cybersecurity-e1670847849111-300x248.jpg\" alt=\"\" width=\"165\" height=\"136\" srcset=\"https:\/\/www.amt.genova.it\/amt\/wp-content\/uploads\/2022\/12\/cybersecurity-e1670847849111-300x248.jpg 300w, https:\/\/www.amt.genova.it\/amt\/wp-content\/uploads\/2022\/12\/cybersecurity-e1670847849111-768x635.jpg 768w, https:\/\/www.amt.genova.it\/amt\/wp-content\/uploads\/2022\/12\/cybersecurity-e1670847849111.jpg 920w\" sizes=\"auto, (max-width: 165px) 100vw, 165px\" \/><\/p>\n<p>Gli attacchi informatici rappresentano un rischio reale anche nel mondo del trasporto pubblico. Ma ci possiamo difendere: la\u00a0<strong>cybersecurity<\/strong>\u00a0e la stessa consapevolezza del rischio sono le principali \u201carmi\u201d a nostra disposizione.<\/p>\n<p>Ecco perch\u00e9 AMT, insieme ad altri partner genovesi ed europei, ha partecipato al <strong>progetto CitySCAPE.\u00a0<\/strong><a href=\"https:\/\/www.amt.genova.it\/amt\/amt-istituzionale\/amtinnova\/progetti\/amt-nel-progetto-europeo-cityscape-per-la-cyber-security\/\"> Leggi di pi\u00f9<\/a><\/p>\n<p>&nbsp;<\/p>\n<p>&nbsp;<\/p>\n<p>&nbsp;<\/p>\n<hr \/>\n<p>&nbsp;<\/p>\n ","protected":false},"excerpt":{"rendered":"SVIARE AMT \u00e8 coinvolta nel progetto\u00a0Interreg Marittimo Italia-Francia SVIARE, SVI-luppo delle connessioni per le AREe deboli attraverso soluzioni MaaS. Il progetto, coordinato dalla Provincia di Livorno, raggruppa un partenariato italo-francese composto da Provincia di Livorno, Regione Liguria, Regione Autonoma della Sardegna, Communaut\u00e9 d\u2019Agglom\u00e9ration de Bastia, Communaut\u00e9 d\u2019Agglom\u00e9ration de la Riviera Fran\u00e7aise. Leggi di pi\u00f9 NEXUS Il progetto Nexus esplora nuovi&nbsp;<a href=\"https:\/\/www.amt.genova.it\/amt\/amt-istituzionale\/amtinnova\/progetti\/\" class=\"read-more\">Continue Reading<\/a>","protected":false},"author":2,"featured_media":0,"parent":13505,"menu_order":0,"comment_status":"closed","ping_status":"closed","template":"page-fullwidth.php","meta":{"footnotes":""},"class_list":["post-40782","page","type-page","status-publish","hentry"],"_links":{"self":[{"href":"https:\/\/www.amt.genova.it\/amt\/wp-json\/wp\/v2\/pages\/40782","targetHints":{"allow":["GET"]}}],"collection":[{"href":"https:\/\/www.amt.genova.it\/amt\/wp-json\/wp\/v2\/pages"}],"about":[{"href":"https:\/\/www.amt.genova.it\/amt\/wp-json\/wp\/v2\/types\/page"}],"author":[{"embeddable":true,"href":"https:\/\/www.amt.genova.it\/amt\/wp-json\/wp\/v2\/users\/2"}],"replies":[{"embeddable":true,"href":"https:\/\/www.amt.genova.it\/amt\/wp-json\/wp\/v2\/comments?post=40782"}],"version-history":[{"count":71,"href":"https:\/\/www.amt.genova.it\/amt\/wp-json\/wp\/v2\/pages\/40782\/revisions"}],"predecessor-version":[{"id":49456,"href":"https:\/\/www.amt.genova.it\/amt\/wp-json\/wp\/v2\/pages\/40782\/revisions\/49456"}],"up":[{"embeddable":true,"href":"https:\/\/www.amt.genova.it\/amt\/wp-json\/wp\/v2\/pages\/13505"}],"wp:attachment":[{"href":"https:\/\/www.amt.genova.it\/amt\/wp-json\/wp\/v2\/media?parent=40782"}],"curies":[{"name":"wp","href":"https:\/\/api.w.org\/{rel}","templated":true}]}}