{"id":40689,"date":"2023-09-08T12:55:13","date_gmt":"2023-09-08T10:55:13","guid":{"rendered":"https:\/\/www.amt.genova.it\/amt\/?page_id=40689"},"modified":"2023-09-26T14:15:38","modified_gmt":"2023-09-26T12:15:38","slug":"mobispaces","status":"publish","type":"page","link":"https:\/\/www.amt.genova.it\/amt\/amt-istituzionale\/amtinnova\/progetti\/mobispaces\/","title":{"rendered":"MobiSpaces"},"content":{"rendered":"<p>AMT \u00e8 uno dei partner del progetto\u00a0<strong>MobiSpaces<\/strong>, inserito nell\u2019ambito del programma\u00a0<strong>Horizon Europe<\/strong>, la cui cordata europea \u00e8 composta da 25 soggetti, tra cui societ\u00e0 pubbliche e private specializzate in IoT, cyber security e mobilit\u00e0.<\/p>\n<p>Il progetto studia nuove modalit\u00e0 di gestione e trasmissione dei dati, di Intelligenza Artificiale e Machine Learning nel campo della mobilit\u00e0. AMT ha la leadership di uno dei 5 piloti (\u201cUse Cases\u201d).<\/p>\n<p><img loading=\"lazy\" decoding=\"async\" class=\"alignleft wp-image-33198\" src=\"https:\/\/www.amt.genova.it\/amt\/wp-content\/uploads\/2022\/05\/slide_solaris_full_electric-de-ferrari-300x110.jpg\" alt=\"\" width=\"363\" height=\"133\" srcset=\"https:\/\/www.amt.genova.it\/amt\/wp-content\/uploads\/2022\/05\/slide_solaris_full_electric-de-ferrari-300x110.jpg 300w, https:\/\/www.amt.genova.it\/amt\/wp-content\/uploads\/2022\/05\/slide_solaris_full_electric-de-ferrari-768x281.jpg 768w, https:\/\/www.amt.genova.it\/amt\/wp-content\/uploads\/2022\/05\/slide_solaris_full_electric-de-ferrari-1024x375.jpg 1024w, https:\/\/www.amt.genova.it\/amt\/wp-content\/uploads\/2022\/05\/slide_solaris_full_electric-de-ferrari-270x98.jpg 270w, https:\/\/www.amt.genova.it\/amt\/wp-content\/uploads\/2022\/05\/slide_solaris_full_electric-de-ferrari.jpg 1170w\" sizes=\"auto, (max-width: 363px) 100vw, 363px\" \/><\/p>\n<p>Il pilota guidato da AMT si concentra in particolare sulla flotta genovese di bus elettrici, che \u00e8 in continua espansione, e che presenta numerose peculiarit\u00e0 che rendono importante studiarne diversi aspetti.<\/p>\n<p>Il progetto mira, nello specifico, a valutare l\u2019impatto della\u00a0<strong>manutenzione predittiva<\/strong>\u00a0nei confronti del servizio al cittadino, per migliorarne l\u2019affidabilit\u00e0 e renderlo sempre pi\u00f9 rispondente alle esigenze del pubblico. La manutenzione predittiva consentir\u00e0, infatti, di integrare e analizzare con\u00a0<strong>algoritmi di Intelligenza artificiale<\/strong>\u00a0i dati provenienti dai diversi sistemi meccanici ed elettrici dei mezzi per individuare, in maniera probabilistica, le aree in cui \u00e8 necessario intervenire preventivamente.<\/p>\n<p>L\u2019altra area di azione \u00e8 relativa alla ricerca sulla durata e al comportamento delle <strong>batterie dei bus elettrici<\/strong>: gli algoritmi studiati permetteranno di conoscere e predire il livello di carica dei mezzi, strutturando di conseguenza il servizio sia in tempo reale che a lungo termine, ottimizzando ulteriormente l\u2019affidabilit\u00e0 e l\u2019efficienza dell\u2019offerta di trasporto pubblico.<\/p>\n<p>Il progetto rappresenta un\u2019occasione importante per AMT per acquisire conoscenze specifiche sui temi della manutenzione predittiva e sulla gestione della flotta elettrica, sfruttando le migliori tecnologie a disposizione grazie ai know-how dei partner di progetto.<\/p>\n<p>MobiSpaces fa riferimento alla nuova programmazione europea, Horizon Europe, e AMT \u00e8 uno dei primi soggetti in Italia ad aver conseguito un progetto approvato e finanziato da questo nuovo canale di investimento. Il progetto, iniziato a settembre 2022 ha una durata di 3 anni.<\/p>\n<p><img loading=\"lazy\" decoding=\"async\" class=\"wp-image-40668 alignleft\" src=\"https:\/\/www.amt.genova.it\/amt\/wp-content\/uploads\/2023\/09\/Unione-europea-flag-bandiera-logo-png-300x204.jpg\" alt=\"\" width=\"142\" height=\"97\" srcset=\"https:\/\/www.amt.genova.it\/amt\/wp-content\/uploads\/2023\/09\/Unione-europea-flag-bandiera-logo-png-300x204.jpg 300w, https:\/\/www.amt.genova.it\/amt\/wp-content\/uploads\/2023\/09\/Unione-europea-flag-bandiera-logo-png-1024x696.jpg 1024w, https:\/\/www.amt.genova.it\/amt\/wp-content\/uploads\/2023\/09\/Unione-europea-flag-bandiera-logo-png-768x522.jpg 768w, https:\/\/www.amt.genova.it\/amt\/wp-content\/uploads\/2023\/09\/Unione-europea-flag-bandiera-logo-png.jpg 1229w\" sizes=\"auto, (max-width: 142px) 100vw, 142px\" \/><img loading=\"lazy\" decoding=\"async\" class=\"alignleft wp-image-40923\" src=\"https:\/\/www.amt.genova.it\/amt\/wp-content\/uploads\/2023\/09\/mobispace-300x69.png\" alt=\"\" width=\"283\" height=\"65\" srcset=\"https:\/\/www.amt.genova.it\/amt\/wp-content\/uploads\/2023\/09\/mobispace-300x69.png 300w, https:\/\/www.amt.genova.it\/amt\/wp-content\/uploads\/2023\/09\/mobispace.png 710w\" sizes=\"auto, (max-width: 283px) 100vw, 283px\" \/><\/p>\n<p>Il progetto ha ricevuto cofinanziamento nell\u2019ambito del Programma quadro per la ricerca e l\u2019innovazione dell'Unione Europea Horizon Europe, Grant Agreement n. 101070279.<\/p>\n<p>&nbsp;<\/p>\n ","protected":false},"excerpt":{"rendered":"AMT \u00e8 uno dei partner del progetto\u00a0MobiSpaces, inserito nell\u2019ambito del programma\u00a0Horizon Europe, la cui cordata europea \u00e8 composta da 25 soggetti, tra cui societ\u00e0 pubbliche e private specializzate in IoT, cyber security e mobilit\u00e0. Il progetto studia nuove modalit\u00e0 di gestione e trasmissione dei dati, di Intelligenza Artificiale e Machine Learning nel campo della mobilit\u00e0. AMT ha la leadership di&nbsp;<a href=\"https:\/\/www.amt.genova.it\/amt\/amt-istituzionale\/amtinnova\/progetti\/mobispaces\/\" class=\"read-more\">Continue Reading<\/a>","protected":false},"author":2,"featured_media":0,"parent":40782,"menu_order":0,"comment_status":"closed","ping_status":"closed","template":"page-fullwidth.php","meta":{"footnotes":""},"class_list":["post-40689","page","type-page","status-publish","hentry"],"_links":{"self":[{"href":"https:\/\/www.amt.genova.it\/amt\/wp-json\/wp\/v2\/pages\/40689","targetHints":{"allow":["GET"]}}],"collection":[{"href":"https:\/\/www.amt.genova.it\/amt\/wp-json\/wp\/v2\/pages"}],"about":[{"href":"https:\/\/www.amt.genova.it\/amt\/wp-json\/wp\/v2\/types\/page"}],"author":[{"embeddable":true,"href":"https:\/\/www.amt.genova.it\/amt\/wp-json\/wp\/v2\/users\/2"}],"replies":[{"embeddable":true,"href":"https:\/\/www.amt.genova.it\/amt\/wp-json\/wp\/v2\/comments?post=40689"}],"version-history":[{"count":8,"href":"https:\/\/www.amt.genova.it\/amt\/wp-json\/wp\/v2\/pages\/40689\/revisions"}],"predecessor-version":[{"id":40996,"href":"https:\/\/www.amt.genova.it\/amt\/wp-json\/wp\/v2\/pages\/40689\/revisions\/40996"}],"up":[{"embeddable":true,"href":"https:\/\/www.amt.genova.it\/amt\/wp-json\/wp\/v2\/pages\/40782"}],"wp:attachment":[{"href":"https:\/\/www.amt.genova.it\/amt\/wp-json\/wp\/v2\/media?parent=40689"}],"curies":[{"name":"wp","href":"https:\/\/api.w.org\/{rel}","templated":true}]}}

<p>AMT è uno dei partner del progetto <strong>MobiSpaces</strong>, inserito nell’ambito del programma <strong>Horizon Europe</strong>, la cui cordata europea è composta da 25 soggetti, tra cui società pubbliche e private specializzate in IoT, cyber security e mobilità.</p>
<p>Il progetto studia nuove modalità di gestione e trasmissione dei dati, di Intelligenza Artificiale e Machine Learning nel campo della mobilità. AMT ha la leadership di uno dei 5 piloti (“Use Cases”).</p>
<p><img loading="lazy" decoding="async" class="alignleft wp-image-33198" src="https://www.amt.genova.it/amt/wp-content/uploads/2022/05/slide_solaris_full_electric-de-ferrari-300x110.jpg" alt="" width="363" height="133" srcset="https://www.amt.genova.it/amt/wp-content/uploads/2022/05/slide_solaris_full_electric-de-ferrari-300x110.jpg 300w, https://www.amt.genova.it/amt/wp-content/uploads/2022/05/slide_solaris_full_electric-de-ferrari-768x281.jpg 768w, https://www.amt.genova.it/amt/wp-content/uploads/2022/05/slide_solaris_full_electric-de-ferrari-1024x375.jpg 1024w, https://www.amt.genova.it/amt/wp-content/uploads/2022/05/slide_solaris_full_electric-de-ferrari-270x98.jpg 270w, https://www.amt.genova.it/amt/wp-content/uploads/2022/05/slide_solaris_full_electric-de-ferrari.jpg 1170w" sizes="auto, (max-width: 363px) 100vw, 363px" /></p>
<p>Il pilota guidato da AMT si concentra in particolare sulla flotta genovese di bus elettrici, che è in continua espansione, e che presenta numerose peculiarità che rendono importante studiarne diversi aspetti.</p>
<p>Il progetto mira, nello specifico, a valutare l’impatto della <strong>manutenzione predittiva</strong> nei confronti del servizio al cittadino, per migliorarne l’affidabilità e renderlo sempre più rispondente alle esigenze del pubblico. La manutenzione predittiva consentirà, infatti, di integrare e analizzare con <strong>algoritmi di Intelligenza artificiale</strong> i dati provenienti dai diversi sistemi meccanici ed elettrici dei mezzi per individuare, in maniera probabilistica, le aree in cui è necessario intervenire preventivamente.</p>
<p>L’altra area di azione è relativa alla ricerca sulla durata e al comportamento delle <strong>batterie dei bus elettrici</strong>: gli algoritmi studiati permetteranno di conoscere e predire il livello di carica dei mezzi, strutturando di conseguenza il servizio sia in tempo reale che a lungo termine, ottimizzando ulteriormente l’affidabilità e l’efficienza dell’offerta di trasporto pubblico.</p>
<p>Il progetto rappresenta un’occasione importante per AMT per acquisire conoscenze specifiche sui temi della manutenzione predittiva e sulla gestione della flotta elettrica, sfruttando le migliori tecnologie a disposizione grazie ai know-how dei partner di progetto.</p>
<p>MobiSpaces fa riferimento alla nuova programmazione europea, Horizon Europe, e AMT è uno dei primi soggetti in Italia ad aver conseguito un progetto approvato e finanziato da questo nuovo canale di investimento. Il progetto, iniziato a settembre 2022 ha una durata di 3 anni.</p>
<p><img loading="lazy" decoding="async" class="wp-image-40668 alignleft" src="https://www.amt.genova.it/amt/wp-content/uploads/2023/09/Unione-europea-flag-bandiera-logo-png-300x204.jpg" alt="" width="142" height="97" srcset="https://www.amt.genova.it/amt/wp-content/uploads/2023/09/Unione-europea-flag-bandiera-logo-png-300x204.jpg 300w, https://www.amt.genova.it/amt/wp-content/uploads/2023/09/Unione-europea-flag-bandiera-logo-png-1024x696.jpg 1024w, https://www.amt.genova.it/amt/wp-content/uploads/2023/09/Unione-europea-flag-bandiera-logo-png-768x522.jpg 768w, https://www.amt.genova.it/amt/wp-content/uploads/2023/09/Unione-europea-flag-bandiera-logo-png.jpg 1229w" sizes="auto, (max-width: 142px) 100vw, 142px" /><img loading="lazy" decoding="async" class="alignleft wp-image-40923" src="https://www.amt.genova.it/amt/wp-content/uploads/2023/09/mobispace-300x69.png" alt="" width="283" height="65" srcset="https://www.amt.genova.it/amt/wp-content/uploads/2023/09/mobispace-300x69.png 300w, https://www.amt.genova.it/amt/wp-content/uploads/2023/09/mobispace.png 710w" sizes="auto, (max-width: 283px) 100vw, 283px" /></p>
<p>Il progetto ha ricevuto cofinanziamento nell’ambito del Programma quadro per la ricerca e l’innovazione dell'Unione Europea Horizon Europe, Grant Agreement n. 101070279.</p>
<p>&nbsp;</p>

AMT è uno dei partner del progetto MobiSpaces, inserito nell’ambito del programma Horizon Europe, la cui cordata europea è composta da 25 soggetti, tra cui società pubbliche e private specializzate in IoT, cyber security e mobilità. Il progetto studia nuove modalità di gestione e trasmissione dei dati, di Intelligenza Artificiale e Machine Learning nel campo della mobilità. AMT ha la leadership di&nbsp;<a href="https://www.amt.genova.it/amt/amt-istituzionale/amtinnova/progetti/mobispaces/" class="read-more">Continue Reading</a>
