{"id":40311,"date":"2023-08-10T16:49:09","date_gmt":"2023-08-10T14:49:09","guid":{"rendered":"https:\/\/www.amt.genova.it\/amt\/?page_id=40311"},"modified":"2024-01-23T10:41:51","modified_gmt":"2024-01-23T09:41:51","slug":"avviso-selezione-operai-servizio-su-ferro","status":"publish","type":"page","link":"https:\/\/www.amt.genova.it\/amt\/societa_trasparente\/bandi-di-concorso\/avviso-selezione-operai-servizio-su-ferro\/","title":{"rendered":"Avviso Selezione Operai Servizio su Ferro"},"content":{"rendered":"<p>AMT \u00e8 la societ\u00e0 partecipata dal Comune di Genova, dalla Citt\u00e0 Metropolitana e da altri enti pubblici, incaricata dell'organizzazione e della gestione della mobilit\u00e0 pubblica nelle aree urbane ed extraurbane. In particolare, si occupa dell'organizzazione, dell'esercizio e della gestione complessiva dei servizi di trasporto, sia direttamente, sia indirettamente e anche mediante sub affidamento a terzi, nonch\u00e9 dell'attuazione di interventi di interesse pubblico nell'ambito della progettazione e realizzazione di sistemi e tecnologie di trasporto a supporto dei progetti di mobilit\u00e0 urbana.<\/p>\n<p>AMT intende essere un\u2019eccellenza nei compiti a lei affidati dalla Pubblica Amministrazione attraverso i vigenti contratti di servizio. Con il presente Avviso ricerca personale <strong>da selezionare e da tenere in evidenza per eventuali assunzioni<\/strong> all\u2019interno della <strong>Funzione Servizio su Ferro<\/strong>, con i seguenti Profili:<\/p>\n<p>&nbsp;<\/p>\n<h2 style=\"text-align: center;\"><strong>A) OPERAIO INFRASTRUTTURA FERROVIARIA FERROVIA GENOVA CASELLA (FGC)<\/strong><\/h2>\n<h2 style=\"text-align: center;\"><strong>B) OPERAIO ELETTRICO\/ELETTRONICO FERROVIARIO METROPOLITANA<\/strong><\/h2>\n<h2 style=\"text-align: center;\"><strong>C) OPERAIO MECCANICO FERROVIARIO METROPOLITANA<\/strong><\/h2>\n<p>&nbsp;<\/p>\n<h3><strong><u>Profilo A: Operaio Infrastruttura Ferroviaria (FGC)<\/u><\/strong><\/h3>\n<p>L\u2019Operaio Infrastruttura Ferroviaria FGC assicura le attivit\u00e0 di pronto intervento su impianti infrastruttura ferroviaria, di verifica, manutenzione e sostituzione degli impianti principalmente relativi all\u2019armamento, nonch\u00e9 le attivit\u00e0 di diagnostica inerenti all\u2019infrastruttura, mediante controlli strumentali e visivi (mezzi d\u2019opera diagnostici, ultrasuoni con ecotomografi manuali, calibri e carrelli automatizzati per misure, visite della linea e video ispezione della linea); inoltre, verifica il profilo limite degli ostacoli e cura la manutenzione della segnaletica di linea riguardante la velocit\u00e0 e ceppi chilometrici. Si precisa che, per operare lungo linea in assistenza alle attivit\u00e0 di cantiere svolte sia internamente sia esternamente, l\u2019Operaio Infrastruttura Ferroviaria FGC dovr\u00e0 essere abilitato alle mansioni di Agente di Condotta (AdC), Accompagnatore del Treno (AdT) e Preparatore del Treno (PdT).<\/p>\n<p><strong>Le competenze necessarie sono:<\/strong><\/p>\n<ul>\n<li>capacit\u00e0 di assemblaggio e riparazione di parti meccaniche;<\/li>\n<li>conoscenza degli attrezzi di lavoro e degli utensili propri della specializzazione, delle norme di igiene e sicurezza sul lavoro e dell'utilizzo dei dispositivi di protezione individuale (DPI);<\/li>\n<li>attitudine al lavoro in squadra e predisposizione al lavoro in autonomia;<\/li>\n<li>motivazione e disponibilit\u00e0 ad operare su turni diurni\/notturni, feriali\/festivi, anche in esterna;<\/li>\n<li>predisposizione alla risoluzione dei problemi.<\/li>\n<\/ul>\n<p><span style=\"color: #000000;\"><strong>Requisiti obbligatori<\/strong><strong>:<\/strong><\/span><\/p>\n<ul>\n<li>diploma di scuola secondaria superiore o attestato professionale di cui al Capo III del D.L. 17\/10\/2005 n\u00b0 226 preferibilmente ad indirizzo meccanico, edile o elettromeccanico;<\/li>\n<li>possesso della patente di guida cat. B;<\/li>\n<li>esperienza lavorativa documentata di almeno 3 anni con mansione assimilabile a quanto descritto, preferibilmente nel settore ferroviario.<\/li>\n<\/ul>\n<p><span style=\"color: #000000;\"><strong>\u00a0<\/strong><strong>Requisiti preferenziali<\/strong><strong>:<\/strong><\/span><\/p>\n<ul>\n<li>possesso della patente di guida cat. C;<\/li>\n<li>esperienza come Operaio Infrastruttura Ferroviaria;<\/li>\n<li>abilitazione all\u2019uso dei mezzi meccanici (escavatori, caricatori, gru);<\/li>\n<li>possesso del patentino di saldatura alluminotermica di rotaie secondo procedure RFI o patentino di saldatore;<\/li>\n<li>conoscenza\/esperienza pregressa sulla TE (Trazione Elettrica);<\/li>\n<li>esperienza di assemblaggio e riparazione di parti meccaniche.<\/li>\n<\/ul>\n<p>&nbsp;<\/p>\n<h3><strong><u>Profilo B: Operaio Elettrico\/Elettronico Ferroviario Metropolitana<\/u><\/strong><\/h3>\n<p>L\u2019Operaio Elettrico o Elettronico assicura le attivit\u00e0 di installazione, manutenzione, verifica e revisione sugli impianti ausiliari della Metropolitana, inclusa la parte elettronica del materiale rotabile della Metropolitana (segnalamento, telecomunicazioni, quadri elettrici, automazione, antincendio), mediante controlli strumentali e visivi e valutando natura ed entit\u00e0 dei guasti ed eseguendo necessari interventi di riparazione ed eventuali successivi collaudi. Inoltre, assicura l\u2019attivit\u00e0 di pronto intervento sugli impianti elettrici\/elettronici sopradescritti.<\/p>\n<p><strong>Le competenze necessarie sono:<\/strong><\/p>\n<ul>\n<li>conoscenza degli attrezzi di lavoro e degli utensili propri della specializzazione, delle norme di igiene e sicurezza sul lavoro e dell'utilizzo dei dispositivi di protezione individuale (DPI);<\/li>\n<li>conoscenza dell\u2019assemblaggio di parti elettriche o elettroniche e piccole riparazioni;<\/li>\n<li>capacit\u00e0 di lettura di schemi elettrici;<\/li>\n<li>utilizzo di strumenti informatici per diagnostica e ricerca guasti;<\/li>\n<li>attitudine al lavoro in squadra e predisposizione al lavoro in autonomia;<\/li>\n<li>motivazione e disponibilit\u00e0 ad operare su turni diurni\/notturni, feriali\/festivi.<\/li>\n<\/ul>\n<p><span style=\"color: #000000;\"><strong>Requisiti obbligatori<\/strong><strong>:<\/strong><\/span><\/p>\n<ul>\n<li>obblighi formativi di legge assolti;<\/li>\n<li>possesso della patente di guida cat. B;<\/li>\n<li>esperienza lavorativa documentata di almeno 3 anni con mansione assimilabile a quanto descritto, preferibilmente nel settore ferroviario;<\/li>\n<li>et\u00e0 non superiore a 42 anni (in virt\u00f9 del limite dei 46 anni per il conseguimento dell\u2019abilitazione da Macchinista previsto nel percorso di inserimento).<\/li>\n<\/ul>\n<p><span style=\"color: #000000;\"><strong>Requisiti preferenziali<\/strong><strong>:<\/strong><\/span><\/p>\n<ul>\n<li>diploma di scuola secondaria superiore o attestato professionale di cui al Capo III del D.L. 17\/10\/2005 n\u00b0226 ad indirizzo elettrico, elettromeccanico, elettronico;<\/li>\n<li>esperienza come Operaio Elettrico o Elettronico Ferroviario;<\/li>\n<li>possesso della patente di guida cat. C;<\/li>\n<li>abilitazione all\u2019uso dei mezzi meccanici (escavatori, caricatori, gru);<\/li>\n<li>conoscenza degli apparati di segnalamento di terra (ACEI, ACC) e degli apparati di bordo;<\/li>\n<li>conoscenza degli apparati di telecomunicazione gestiti da server con protocolli di indirizzo (automazione, diffusione sonora, telefonia e citofonia di sicurezza);<\/li>\n<li>esperienza e possesso attestazioni recenti corsi per lavori in quota, rischio elettrico e utilizzo attrezzature (PLE, gru, carrelli elevatori).<\/li>\n<\/ul>\n<p>&nbsp;<\/p>\n<h3><strong><u>Profilo C) Operaio Meccanico Ferroviario Metropolitana<\/u><\/strong><\/h3>\n<p>L\u2019Operaio Meccanico Ferroviario assicura le attivit\u00e0 di installazione, manutenzione, verifica e revisione sul materiale rotabile della Metropolitana, valutando natura ed entit\u00e0 dei guasti ed eseguendo necessari interventi di riparazione ed eventuali successivi collaudi. Svolge attivit\u00e0 di diagnostica, mediante controlli strumentali e visivi e di manutenzione e sostituzione delle parti meccaniche dei veicoli. Inoltre, assicura attivit\u00e0 di pronto intervento su impianti elettrici\/elettronici (veicoli, segnalamento, telecomunicazioni, quadri elettrici, automazione, antincendio).<\/p>\n<p><strong>Le competenze necessarie sono:<\/strong><\/p>\n<ul>\n<li>conoscenza degli attrezzi di lavoro e degli utensili propri della specializzazione, delle norme di igiene e sicurezza sul lavoro e dell'utilizzo dei dispositivi di protezione individuale (DPI);<\/li>\n<li>conoscenza dell\u2019assemblaggio di parti meccaniche e piccole riparazioni;<\/li>\n<li>capacit\u00e0 di lettura di disegni tecnici e schemi elettrici;<\/li>\n<li>utilizzo di strumenti informatici per diagnostica e ricerca guasti;<\/li>\n<li>attitudine al lavoro in squadra e predisposizione al lavoro in autonomia;<\/li>\n<li>motivazione e disponibilit\u00e0 a operare su turni diurni\/notturni, feriali\/festivi;<\/li>\n<\/ul>\n<p><strong>Requisiti obbligatori:<\/strong><\/p>\n<ul>\n<li>obblighi formativi di legge assolti;<\/li>\n<li>possesso della patente di guida cat. B;<\/li>\n<li>esperienza lavorativa documentata di almeno 3 anni con mansione assimilabile a quanto descritto, preferibilmente nel settore ferroviario;<\/li>\n<li>et\u00e0 non superiore a 42 anni (in virt\u00f9 del limite dei 46 anni per il conseguimento dell\u2019abilitazione da Macchinista previsto nel percorso di inserimento).<\/li>\n<\/ul>\n<p><strong>Requisiti preferenziali:<\/strong><\/p>\n<ul>\n<li>diploma di scuola secondaria superiore o attestato professionale di cui al Capo III del D.L. 17\/10\/2005 n\u00b0226 ad indirizzo meccanico e meccatronico;<\/li>\n<li>esperienza come Meccanico Ferroviario;<\/li>\n<li>possesso della patente di guida cat. C;<\/li>\n<li>abilitazione all\u2019uso dei mezzi meccanici (escavatori, caricatori, gru);<\/li>\n<li>conoscenza degli apparati di segnalamento di terra (ACEI, ACC) e degli apparati di bordo;<\/li>\n<li>conoscenza degli apparati di telecomunicazione gestiti da server con protocolli di indirizzo (automazione, diffusione sonora, telefonia e citofonia di sicurezza);<\/li>\n<li>esperienza e possesso di attestazioni recenti relative a corsi per lavori in quota, rischio elettrico e utilizzo attrezzature (PLE, gru, carrelli elevatori).<\/li>\n<\/ul>\n<p>&nbsp;<\/p>\n<h3><strong>Partecipazione e Iter di Selezione<\/strong><\/h3>\n<p>Possono accedere alla Selezione <u>solo i candidati che possiedono i requisiti obbligatori richiesti<\/u>. Il possesso e la valutazione dei requisiti preferenziali concorrer\u00e0 all\u2019attribuzione di un punteggio per proseguire nell\u2019iter selettivo.<\/p>\n<p>&nbsp;<\/p>\n<h3><strong>Modalit\u00e0 di partecipazione alla Selezione<\/strong><\/h3>\n<p>Per manifestare il proprio interesse alla Selezione \u00e8 necessario compilare per il Profilo di interesse, <strong>entro il 15 settembre 2023<\/strong>, uno dei seguenti Moduli on line:<\/p>\n<p>&nbsp;<\/p>\n<h2 style=\"text-align: center;\"><strong><u><a href=\"https:\/\/www.amt.genova.it\/amt\/lavora-con-noi-2\/selezione-operaio-infrastruttura-ferroviaria-fgc\/\">A) Operaio Infrastruttura Ferroviaria Ferrovia Genova Casella (FGC)<\/a><\/u><\/strong><\/h2>\n<p>&nbsp;<\/p>\n<h2 style=\"text-align: center;\"><strong><u><a href=\"https:\/\/www.amt.genova.it\/amt\/lavora-con-noi-2\/selezione-operaio-elettrico-ferroviario-metropolitana\/\">B) Operaio Elettrico\/Elettronico Ferroviario Metropolitana<\/a><\/u><\/strong><\/h2>\n<p>&nbsp;<\/p>\n<h2 style=\"text-align: center;\"><strong><u><a href=\"https:\/\/www.amt.genova.it\/amt\/lavora-con-noi-2\/selezione-operaio-meccanico-ferroviario-metropolitana\/\">C) Operaio Meccanico Ferroviario Metropolitana<\/a><br \/>\n<\/u><\/strong><\/h2>\n<p>&nbsp;<\/p>\n<p>La Selezione \u00e8 rivolta indistintamente a uomini e donne (D.Lgs. 198\/2006), a candidati che risultino appartenenti alle categorie protette (L. 68\/99), nonch\u00e9 ai dipendenti delle Societ\u00e0 Partecipate dal Comune di Genova (in applicazione del Regolamento per le Societ\u00e0 Partecipate e del Protocollo di Intesa 3 dicembre 2018 tra Comune di Genova e Confederazioni CGIL, CISL E UIL).<\/p>\n<p>Sono esclusi dalla Selezione candidati che abbiano concluso il rapporto di lavoro con AMT per ragioni disciplinari.<\/p>\n<p>Eventuali curricula inviati in precedenza o trasmessi con altro mezzo non saranno presi in considerazione per questa Selezione.<\/p>\n<p>&nbsp;<\/p>\n<h3><strong><u>FASE 1: Screening candidature e Graduatorie Preliminari<\/u><\/strong><\/h3>\n<p>Per ciascun Profilo ricercato saranno valutati tutti i cv pervenuti e presi in considerazione solo i candidati in possesso dei requisiti obbligatori. Al termine dello screening a cura di Commissioni tecniche di AMT, verranno formate <u>tre distinte Graduatorie<\/u> (una per ogni Profilo) e saranno preliminarmente avviate alle fasi successive di Selezione le persone che, se individuate, si collocheranno nelle <strong>prime 10 posizioni<\/strong> delle stesse, denominate \u2018<u>Graduatoria Preliminare Profilo A<\/u>\u2019, \u2018<u>Graduatoria Preliminare Profilo B<\/u>\u2019, \u2018<u>Graduatoria Preliminare Profilo C<\/u>\u2019, generate in base alla valutazione dei requisiti obbligatori e preferenziali.<\/p>\n<p>&nbsp;<\/p>\n<h3><strong><u>FASE 2: Colloquio Tecnico\/Motivazionale<\/u><\/strong><\/h3>\n<p>Il colloquio, valutato in sessantesimi, sar\u00e0 volto ad accertare e ad approfondire le competenze tecniche necessarie e la motivazione al ruolo. Per considerare superato il colloquio individuale occorre raggiungere un punteggio minimo di 36\/60. I candidati che avranno superato il colloquio accederanno alla prova pratica di mestiere, Fase 3 della Selezione.<\/p>\n<p>&nbsp;<\/p>\n<h3><strong><u>FASE 3: Prova Pratica e Graduatorie Finali<\/u><\/strong><\/h3>\n<p>La prova di mestiere verr\u00e0 effettuata in una delle sedi AMT e sar\u00e0 volta a verificare quanto emerso nel colloquio, nonch\u00e9 le abilit\u00e0 manuali del candidato. La prova sar\u00e0 valutata in quarantesimi. Coloro che otterranno un punteggio superiore a 24\/40 saranno collocati in tre distinte Graduatorie Finali Profilo A, Profilo B e Profilo C, espresse in centesimi (somma punti colloquio e punti prova pratica), finalizzate all\u2019assunzione e valevoli 24 mesi a partire dalla data di pubblicazione.<\/p>\n<p>A parit\u00e0 di punteggio, la precedenza \u00e8 determinata in base alla maggiore et\u00e0 anagrafica.<\/p>\n<p>AMT declina ogni responsabilit\u00e0 in caso di mancato recapito della convocazione a causa di errato inserimento da parte del candidato del proprio indirizzo e-mail.<\/p>\n<p>In caso di esaurimento o di incapienza di una o pi\u00f9 Graduatorie Finali, l\u2019Azienda, per rinnovate esigenze, si riserva di convocare alla Fase 2 della stessa Selezione i candidati che si saranno collocati nelle posizioni successive alla 10\u00aa delle rispettive Graduatorie Preliminari.<\/p>\n<p>&nbsp;<\/p>\n<h3><strong>Requisiti necessari per l\u2019assunzione<\/strong><\/h3>\n<p>L\u2019eventuale inserimento in Azienda sar\u00e0 subordinato a:<\/p>\n<ul>\n<li>ottenimento dell\u2019idoneit\u00e0 sanitaria secondo normativa vigente;<\/li>\n<li>godimento dei diritti politici;<\/li>\n<li>assenza di condanne penali\/procedimenti penali pendenti;<\/li>\n<li>buona conoscenza della lingua italiana;<\/li>\n<li>per i cittadini extracomunitari permesso di soggiorno per motivi di lavoro in corso di validit\u00e0.<\/li>\n<\/ul>\n<p>Il mancato possesso dei requisiti sopra indicati e\/o dichiarazioni non corrispondenti a verit\u00e0 rese nel corso delle varie fasi della Selezione, comporteranno l\u2019esclusione dall\u2019eventuale inserimento in Azienda. In caso di dichiarazioni non corrispondenti a verit\u00e0, AMT si riserva di procedere ad eventuali segnalazioni agli Organi competenti, ai sensi della normativa vigente.<\/p>\n<p>Le assunzioni potranno essere effettuate nelle diverse forme previste dalle Leggi e dai Contratti in vigore, sulla base del vigente CCNL Autoferrotranvieri, ai sensi del R.D. 148\/31, con tempistiche che verranno decise in base alle esigenze organizzative e di servizio aziendali. Qualifica e parametro retributivo saranno commisurati all\u2019effettiva professionalit\u00e0 del candidato.<\/p>\n<p>&nbsp;<\/p>\n<h3><strong>Modalit\u00e0 di comunicazione con i candidati<\/strong><\/h3>\n<p>Le comunicazioni relative alla Selezione verranno pubblicate sul sito internet di AMT nella pagina dedicata ai relativi aggiornamenti o inviate alla mail personale (nel caso di comunicazioni individuali) comunicata dal candidato in fase di registrazione. I candidati sono tenuti pertanto a controllare la propria casella di posta elettronica, nonch\u00e9 a verificare sul sito di AMT gli aggiornamenti relativi alle prove di Selezione e alla Graduatoria.<\/p>\n<p>LA PRESENZA ALLA SELEZIONE COMPORTA L'IMPLICITA ACCETTAZIONE DI TUTTE LE DISPOSIZIONI PREVISTE DAL PRESENTE AVVISO DI SELEZIONE.<\/p>\n ","protected":false},"excerpt":{"rendered":"AMT \u00e8 la societ\u00e0 partecipata dal Comune di Genova, dalla Citt\u00e0 Metropolitana e da altri enti pubblici, incaricata dell'organizzazione e della gestione della mobilit\u00e0 pubblica nelle aree urbane ed extraurbane. In particolare, si occupa dell'organizzazione, dell'esercizio e della gestione complessiva dei servizi di trasporto, sia direttamente, sia indirettamente e anche mediante sub affidamento a terzi, nonch\u00e9 dell'attuazione di interventi di&nbsp;<a href=\"https:\/\/www.amt.genova.it\/amt\/societa_trasparente\/bandi-di-concorso\/avviso-selezione-operai-servizio-su-ferro\/\" class=\"read-more\">Continue Reading<\/a>","protected":false},"author":2,"featured_media":0,"parent":3561,"menu_order":0,"comment_status":"closed","ping_status":"closed","template":"page-fullwidth.php","meta":{"footnotes":""},"class_list":["post-40311","page","type-page","status-publish","hentry"],"_links":{"self":[{"href":"https:\/\/www.amt.genova.it\/amt\/wp-json\/wp\/v2\/pages\/40311","targetHints":{"allow":["GET"]}}],"collection":[{"href":"https:\/\/www.amt.genova.it\/amt\/wp-json\/wp\/v2\/pages"}],"about":[{"href":"https:\/\/www.amt.genova.it\/amt\/wp-json\/wp\/v2\/types\/page"}],"author":[{"embeddable":true,"href":"https:\/\/www.amt.genova.it\/amt\/wp-json\/wp\/v2\/users\/2"}],"replies":[{"embeddable":true,"href":"https:\/\/www.amt.genova.it\/amt\/wp-json\/wp\/v2\/comments?post=40311"}],"version-history":[{"count":10,"href":"https:\/\/www.amt.genova.it\/amt\/wp-json\/wp\/v2\/pages\/40311\/revisions"}],"predecessor-version":[{"id":43267,"href":"https:\/\/www.amt.genova.it\/amt\/wp-json\/wp\/v2\/pages\/40311\/revisions\/43267"}],"up":[{"embeddable":true,"href":"https:\/\/www.amt.genova.it\/amt\/wp-json\/wp\/v2\/pages\/3561"}],"wp:attachment":[{"href":"https:\/\/www.amt.genova.it\/amt\/wp-json\/wp\/v2\/media?parent=40311"}],"curies":[{"name":"wp","href":"https:\/\/api.w.org\/{rel}","templated":true}]}}