{"id":31269,"date":"2022-01-26T12:50:51","date_gmt":"2022-01-26T11:50:51","guid":{"rendered":"https:\/\/www.amt.genova.it\/amt\/?page_id=31269"},"modified":"2023-11-30T10:55:41","modified_gmt":"2023-11-30T09:55:41","slug":"lascensore-castelletto-levante-un-viaggio-nel900","status":"publish","type":"page","link":"https:\/\/www.amt.genova.it\/amt\/trasporto-multimodale\/ascensori\/lascensore-castelletto-levante-un-viaggio-nel900\/","title":{"rendered":"L\u2019ascensore Castelletto Levante, un viaggio nel\u2019900"},"content":{"rendered":"<div class=\"row \">\n<div class=\"span6 \"><h2><img loading=\"lazy\" decoding=\"async\" class=\"alignleft wp-image-31270\" src=\"\/amt\/wp-content\/uploads\/2022\/01\/AscensoreCastellettoLevanteSlidePanorama.jpg\" alt=\"\" width=\"500\" height=\"183\" srcset=\"https:\/\/www.amt.genova.it\/amt\/wp-content\/uploads\/2022\/01\/AscensoreCastellettoLevanteSlidePanorama.jpg 1170w, https:\/\/www.amt.genova.it\/amt\/wp-content\/uploads\/2022\/01\/AscensoreCastellettoLevanteSlidePanorama-300x110.jpg 300w, https:\/\/www.amt.genova.it\/amt\/wp-content\/uploads\/2022\/01\/AscensoreCastellettoLevanteSlidePanorama-768x281.jpg 768w, https:\/\/www.amt.genova.it\/amt\/wp-content\/uploads\/2022\/01\/AscensoreCastellettoLevanteSlidePanorama-1024x375.jpg 1024w, https:\/\/www.amt.genova.it\/amt\/wp-content\/uploads\/2022\/01\/AscensoreCastellettoLevanteSlidePanorama-270x98.jpg 270w\" sizes=\"auto, (max-width: 500px) 100vw, 500px\" \/><\/h2>\n<p>&nbsp;<\/p>\n<p>&nbsp;<\/p>\n<p>&nbsp;<\/p>\n<p>&nbsp;<\/p>\n<p>&nbsp;<\/p>\n<p>&nbsp;<\/p><\/div>\n<div class=\"span6 \"><p><img loading=\"lazy\" decoding=\"async\" class=\"alignnone wp-image-31358\" src=\"\/amt\/wp-content\/uploads\/2022\/01\/Poesia-Caproni-1.png\" alt=\"\" width=\"500\" height=\"183\" \/><\/p>\n<p>&nbsp;<\/p><\/div><\/div><!-- .row (end) -->\n<p>Il pi\u00f9 famoso degli ascensori genovesi \u00e8 di certo\u00a0<strong>l\u2019ascensore di Castelletto Levante<\/strong>\u00a0che si apre sul belvedere della citt\u00e0; con l\u2019ascensore si percorre una suggestiva salita che dalla zona di Portello, nel centro cittadino, sale fino a spianata Castelletto, un meraviglioso balcone alberato che sovrasta Genova, tra il grigio ardesia dei tetti della parte antica e il blu del mare.<\/p>\n<p>&nbsp;<\/p>\n<p>Inaugurato nel\u00a0<strong>dicembre 190<img loading=\"lazy\" decoding=\"async\" class=\"wp-image-3304 alignleft\" src=\"\/amt\/wp-content\/uploads\/2016\/02\/Castelletto-particol.jpg\" alt=\"\" width=\"367\" height=\"321\" \/>9,<\/strong>\u00a0l\u2019ascensore di\u00a0<strong>Castelletto Levante<\/strong>\u00a0\u00e8 uno degli impianti storici pi\u00f9 noti e caratteristici di Genova; l\u2019impianto mantiene ancora oggi inalterate le sue caratteristiche liberty: gli intonaci, le vetrate, le decorazioni e le cabine in legno, recentemente restaurate secondo i disegni originari, regalano ai passeggeri la sensazione\u00a0 di un viaggio fino agli albori del secolo scorso.<\/p>\n<p>L\u2019ascensore di Castelletto Levante \u00e8 aperto tutti i giorni dalle 6.40 a mezzanotte con corse continuative.<\/p>\n<p>&nbsp;<\/p>\n<p><strong>I LAVORI DI VALORIZZAZIONE STORICA\u00a0 DELL'ASCENSORE<\/strong><\/p>\n<p>Nel luglio 2021 \u00e8 stato ultimato il grande progetto di\u00a0<strong>valorizzazione storica<\/strong>\u00a0che ha riportato l\u2019ascensore di Castelletto Levante alla straordinaria bellezza delle origini. Il risultato finale \u00e8 un viaggio unico, immersi nell\u2019elegante atmosfera di inizio Novecento con il massimo di tecnologia offerta dal Ventunesimo secolo.<\/p>\n<p>AMT ha deciso, nell\u2019ambito dei lavori per il raggiungimento dei 30 anni di vita tecnica, di restituire alle due cabine l\u2019aspetto originario del 1909. L\u2019obiettivo \u00e8 stato riproporre il pi\u00f9 fedelmente possibile il disegno e i materiali della tradizione, valorizzando cos\u00ec un impianto che, per i caratteri architettonici e la posizione strategica, rappresenta senza dubbio un valore per la citt\u00e0 di Genova, non solo dal punto di vista trasportistico ma anche turistico.<\/p>\n<p><img loading=\"lazy\" decoding=\"async\" class=\"wp-image-23577 alignright\" src=\"\/amt\/wp-content\/uploads\/2020\/08\/Il-rifacimento-ligneo-della-cabina-del-Castelletto-Levante1.jpg\" alt=\"\" width=\"338\" height=\"254\" srcset=\"https:\/\/www.amt.genova.it\/amt\/wp-content\/uploads\/2020\/08\/Il-rifacimento-ligneo-della-cabina-del-Castelletto-Levante1.jpg 1024w, https:\/\/www.amt.genova.it\/amt\/wp-content\/uploads\/2020\/08\/Il-rifacimento-ligneo-della-cabina-del-Castelletto-Levante1-300x225.jpg 300w, https:\/\/www.amt.genova.it\/amt\/wp-content\/uploads\/2020\/08\/Il-rifacimento-ligneo-della-cabina-del-Castelletto-Levante1-768x576.jpg 768w, https:\/\/www.amt.genova.it\/amt\/wp-content\/uploads\/2020\/08\/Il-rifacimento-ligneo-della-cabina-del-Castelletto-Levante1-200x150.jpg 200w\" sizes=\"auto, (max-width: 338px) 100vw, 338px\" \/><\/p>\n<p>Il progetto di AMT, seguito dalle professionalit\u00e0 interne all\u2019azienda, si \u00e8 basato su un\u2019attenta analisi delle\u00a0<strong>foto d\u2019epoca<\/strong>\u00a0che hanno mostrato come\u00a0<strong>la finitura interna alle cabine<\/strong>\u00a0fosse costituita da pannelli lignei ripartiti in altezza, decorati da cornici fresate e geometriche. Il nuovo progetto ideato da AMT \u00e8 stato sottoposto ed approvato dalla Soprintendenza Archeologia, Belle Arti e Paesaggio, che si ringrazia per la collaborazione.<\/p>\n<p>Gli interventi sulle due cabine, realizzati nel rispetto della normativa vigente, hanno comportato la rimozione del precedente rivestimento interno introdotto negli anni \u201880, il completo rifacimento delle strutture metalliche portanti ed infine l\u2019installazione dei pannelli lignei.<\/p>\n<p>Sul fronte della sicurezza, il rivestimento in legno \u00e8 stato trattato con prodotti specifici e vernici ignifughe volte a conferire adeguate propriet\u00e0 in termini di resistenza al fuoco. \u00c8 stato, inoltre, sostituito il pavimento ed \u00e8 stata realizzata una panchina in stile inizio secolo.<\/p>\n<p>Questa attivit\u00e0, espressamente voluta dall\u2019azienda per valorizzare un impianto unico, patrimonio di tutta la citt\u00e0, \u00e8 stato ricompresa nei lavori di rifacimento per il raggiungimento della fine vita tecnica. Da ricordare, infatti, che l\u2019ascensore di Castelletto Levante ha raggiunto i 30 anni di servizio e a questa scadenza la normativa prevede espressamente che l\u2019impianto debba essere sottoposto a radicali interventi di completo ammodernamento. In particolare, la normativa prevede la necessit\u00e0 di realizzare l\u2019adeguamento di tutte le apparecchiature meccaniche, degli equipaggiamenti elettrici e procedere con la sostituzione di tutte le strutture e di tutti gli organi in movimento.<\/p>\n<p>&nbsp;<\/p>\n<p><img loading=\"lazy\" decoding=\"async\" class=\"wp-image-28945 alignleft\" src=\"\/amt\/wp-content\/uploads\/2021\/09\/Ascensore-Castelletto-al-mattino.jpg\" alt=\"\" width=\"452\" height=\"255\" srcset=\"https:\/\/www.amt.genova.it\/amt\/wp-content\/uploads\/2021\/09\/Ascensore-Castelletto-al-mattino.jpg 5312w, https:\/\/www.amt.genova.it\/amt\/wp-content\/uploads\/2021\/09\/Ascensore-Castelletto-al-mattino-300x169.jpg 300w, https:\/\/www.amt.genova.it\/amt\/wp-content\/uploads\/2021\/09\/Ascensore-Castelletto-al-mattino-768x432.jpg 768w, https:\/\/www.amt.genova.it\/amt\/wp-content\/uploads\/2021\/09\/Ascensore-Castelletto-al-mattino-1024x576.jpg 1024w\" sizes=\"auto, (max-width: 452px) 100vw, 452px\" \/><\/p>\n<p>AMT ha quindi attivato una serie di complessi lavori, civili ed impiantistici con l\u2019obiettivo di migliorare il funzionamento e la sicurezza dell\u2019impianto. Sono stati sostituiti tutti i principali componenti e apparati d\u2019ascensore tra cui: l\u2019impianto elettrico, i componenti di sicurezza, il sistema per il controllo della velocit\u00e0 e della frenatura d\u2019emergenza, il sistema paracadute di cabina, le funi, le pulegge, i contrappesi, le porte automatiche, gli ammortizzatori di extra corsa e i sistemi di illuminazione del vano corsa. Particolare attenzione \u00e8 stata dedicata allo studio e allo sviluppo di nuovi e sofisticati sistemi, volti al maggior livello di sicurezza possibile per i passeggeri e per gli operatori del soccorso in caso di necessit\u00e0.<\/p>\n<p>Il risultato finale degli interventi \u00e8 un nuovo ascensore rinnovato e ulteriormente migliorato in termini di sicurezza, accessibilit\u00e0 ed efficienza energetica e che, al contempo, ha ritrovato, grazie al continuo confronto con la Soprintendenza Archeologia, Belle Arti e Paesaggio, l\u2019antico fascino \u201cclasse 1909\u201d.<\/p>\n<p>&nbsp;<\/p>\n<p>&nbsp;<\/p>\n<p>&nbsp;<\/p>\n<p>&nbsp;<\/p>\n<p>&nbsp;<\/p>\n<p>&nbsp;<\/p>\n<p>&nbsp;<\/p>\n<p>&nbsp;<\/p>\n<p>&nbsp;<\/p>\n ","protected":false},"excerpt":{"rendered":"Il pi\u00f9 famoso degli ascensori genovesi \u00e8 di certo\u00a0l\u2019ascensore di Castelletto Levante\u00a0che si apre sul belvedere della citt\u00e0; con l\u2019ascensore si percorre una suggestiva salita che dalla zona di Portello, nel centro cittadino, sale fino a spianata Castelletto, un meraviglioso balcone alberato che sovrasta Genova, tra il grigio ardesia dei tetti della parte antica e il blu del mare. &nbsp;&nbsp;<a href=\"https:\/\/www.amt.genova.it\/amt\/trasporto-multimodale\/ascensori\/lascensore-castelletto-levante-un-viaggio-nel900\/\" class=\"read-more\">Continue Reading<\/a>","protected":false},"author":2,"featured_media":0,"parent":3254,"menu_order":0,"comment_status":"closed","ping_status":"closed","template":"page-fullwidth.php","meta":{"footnotes":""},"class_list":["post-31269","page","type-page","status-publish","hentry"],"_links":{"self":[{"href":"https:\/\/www.amt.genova.it\/amt\/wp-json\/wp\/v2\/pages\/31269","targetHints":{"allow":["GET"]}}],"collection":[{"href":"https:\/\/www.amt.genova.it\/amt\/wp-json\/wp\/v2\/pages"}],"about":[{"href":"https:\/\/www.amt.genova.it\/amt\/wp-json\/wp\/v2\/types\/page"}],"author":[{"embeddable":true,"href":"https:\/\/www.amt.genova.it\/amt\/wp-json\/wp\/v2\/users\/2"}],"replies":[{"embeddable":true,"href":"https:\/\/www.amt.genova.it\/amt\/wp-json\/wp\/v2\/comments?post=31269"}],"version-history":[{"count":80,"href":"https:\/\/www.amt.genova.it\/amt\/wp-json\/wp\/v2\/pages\/31269\/revisions"}],"predecessor-version":[{"id":41824,"href":"https:\/\/www.amt.genova.it\/amt\/wp-json\/wp\/v2\/pages\/31269\/revisions\/41824"}],"up":[{"embeddable":true,"href":"https:\/\/www.amt.genova.it\/amt\/wp-json\/wp\/v2\/pages\/3254"}],"wp:attachment":[{"href":"https:\/\/www.amt.genova.it\/amt\/wp-json\/wp\/v2\/media?parent=31269"}],"curies":[{"name":"wp","href":"https:\/\/api.w.org\/{rel}","templated":true}]}}

<div class="row ">
<div class="span6 "><h2><img loading="lazy" decoding="async" class="alignleft wp-image-31270" src="/amt/wp-content/uploads/2022/01/AscensoreCastellettoLevanteSlidePanorama.jpg" alt="" width="500" height="183" srcset="https://www.amt.genova.it/amt/wp-content/uploads/2022/01/AscensoreCastellettoLevanteSlidePanorama.jpg 1170w, https://www.amt.genova.it/amt/wp-content/uploads/2022/01/AscensoreCastellettoLevanteSlidePanorama-300x110.jpg 300w, https://www.amt.genova.it/amt/wp-content/uploads/2022/01/AscensoreCastellettoLevanteSlidePanorama-768x281.jpg 768w, https://www.amt.genova.it/amt/wp-content/uploads/2022/01/AscensoreCastellettoLevanteSlidePanorama-1024x375.jpg 1024w, https://www.amt.genova.it/amt/wp-content/uploads/2022/01/AscensoreCastellettoLevanteSlidePanorama-270x98.jpg 270w" sizes="auto, (max-width: 500px) 100vw, 500px" /></h2>
<p>&nbsp;</p>
<p>&nbsp;</p>
<p>&nbsp;</p>
<p>&nbsp;</p>
<p>&nbsp;</p>
<p>&nbsp;</p></div>
<div class="span6 "><p><img loading="lazy" decoding="async" class="alignnone wp-image-31358" src="/amt/wp-content/uploads/2022/01/Poesia-Caproni-1.png" alt="" width="500" height="183" /></p>
<p>&nbsp;</p></div></div><!-- .row (end) -->
<p>Il più famoso degli ascensori genovesi è di certo <strong>l’ascensore di Castelletto Levante</strong> che si apre sul belvedere della città; con l’ascensore si percorre una suggestiva salita che dalla zona di Portello, nel centro cittadino, sale fino a spianata Castelletto, un meraviglioso balcone alberato che sovrasta Genova, tra il grigio ardesia dei tetti della parte antica e il blu del mare.</p>
<p>&nbsp;</p>
<p>Inaugurato nel <strong>dicembre 190<img loading="lazy" decoding="async" class="wp-image-3304 alignleft" src="/amt/wp-content/uploads/2016/02/Castelletto-particol.jpg" alt="" width="367" height="321" />9,</strong> l’ascensore di <strong>Castelletto Levante</strong> è uno degli impianti storici più noti e caratteristici di Genova; l’impianto mantiene ancora oggi inalterate le sue caratteristiche liberty: gli intonaci, le vetrate, le decorazioni e le cabine in legno, recentemente restaurate secondo i disegni originari, regalano ai passeggeri la sensazione  di un viaggio fino agli albori del secolo scorso.</p>
<p>L’ascensore di Castelletto Levante è aperto tutti i giorni dalle 6.40 a mezzanotte con corse continuative.</p>
<p>&nbsp;</p>
<p><strong>I LAVORI DI VALORIZZAZIONE STORICA  DELL'ASCENSORE</strong></p>
<p>Nel luglio 2021 è stato ultimato il grande progetto di <strong>valorizzazione storica</strong> che ha riportato l’ascensore di Castelletto Levante alla straordinaria bellezza delle origini. Il risultato finale è un viaggio unico, immersi nell’elegante atmosfera di inizio Novecento con il massimo di tecnologia offerta dal Ventunesimo secolo.</p>
<p>AMT ha deciso, nell’ambito dei lavori per il raggiungimento dei 30 anni di vita tecnica, di restituire alle due cabine l’aspetto originario del 1909. L’obiettivo è stato riproporre il più fedelmente possibile il disegno e i materiali della tradizione, valorizzando così un impianto che, per i caratteri architettonici e la posizione strategica, rappresenta senza dubbio un valore per la città di Genova, non solo dal punto di vista trasportistico ma anche turistico.</p>
<p><img loading="lazy" decoding="async" class="wp-image-23577 alignright" src="/amt/wp-content/uploads/2020/08/Il-rifacimento-ligneo-della-cabina-del-Castelletto-Levante1.jpg" alt="" width="338" height="254" srcset="https://www.amt.genova.it/amt/wp-content/uploads/2020/08/Il-rifacimento-ligneo-della-cabina-del-Castelletto-Levante1.jpg 1024w, https://www.amt.genova.it/amt/wp-content/uploads/2020/08/Il-rifacimento-ligneo-della-cabina-del-Castelletto-Levante1-300x225.jpg 300w, https://www.amt.genova.it/amt/wp-content/uploads/2020/08/Il-rifacimento-ligneo-della-cabina-del-Castelletto-Levante1-768x576.jpg 768w, https://www.amt.genova.it/amt/wp-content/uploads/2020/08/Il-rifacimento-ligneo-della-cabina-del-Castelletto-Levante1-200x150.jpg 200w" sizes="auto, (max-width: 338px) 100vw, 338px" /></p>
<p>Il progetto di AMT, seguito dalle professionalità interne all’azienda, si è basato su un’attenta analisi delle <strong>foto d’epoca</strong> che hanno mostrato come <strong>la finitura interna alle cabine</strong> fosse costituita da pannelli lignei ripartiti in altezza, decorati da cornici fresate e geometriche. Il nuovo progetto ideato da AMT è stato sottoposto ed approvato dalla Soprintendenza Archeologia, Belle Arti e Paesaggio, che si ringrazia per la collaborazione.</p>
<p>Gli interventi sulle due cabine, realizzati nel rispetto della normativa vigente, hanno comportato la rimozione del precedente rivestimento interno introdotto negli anni ‘80, il completo rifacimento delle strutture metalliche portanti ed infine l’installazione dei pannelli lignei.</p>
<p>Sul fronte della sicurezza, il rivestimento in legno è stato trattato con prodotti specifici e vernici ignifughe volte a conferire adeguate proprietà in termini di resistenza al fuoco. È stato, inoltre, sostituito il pavimento ed è stata realizzata una panchina in stile inizio secolo.</p>
<p>Questa attività, espressamente voluta dall’azienda per valorizzare un impianto unico, patrimonio di tutta la città, è stato ricompresa nei lavori di rifacimento per il raggiungimento della fine vita tecnica. Da ricordare, infatti, che l’ascensore di Castelletto Levante ha raggiunto i 30 anni di servizio e a questa scadenza la normativa prevede espressamente che l’impianto debba essere sottoposto a radicali interventi di completo ammodernamento. In particolare, la normativa prevede la necessità di realizzare l’adeguamento di tutte le apparecchiature meccaniche, degli equipaggiamenti elettrici e procedere con la sostituzione di tutte le strutture e di tutti gli organi in movimento.</p>
<p>&nbsp;</p>
<p><img loading="lazy" decoding="async" class="wp-image-28945 alignleft" src="/amt/wp-content/uploads/2021/09/Ascensore-Castelletto-al-mattino.jpg" alt="" width="452" height="255" srcset="https://www.amt.genova.it/amt/wp-content/uploads/2021/09/Ascensore-Castelletto-al-mattino.jpg 5312w, https://www.amt.genova.it/amt/wp-content/uploads/2021/09/Ascensore-Castelletto-al-mattino-300x169.jpg 300w, https://www.amt.genova.it/amt/wp-content/uploads/2021/09/Ascensore-Castelletto-al-mattino-768x432.jpg 768w, https://www.amt.genova.it/amt/wp-content/uploads/2021/09/Ascensore-Castelletto-al-mattino-1024x576.jpg 1024w" sizes="auto, (max-width: 452px) 100vw, 452px" /></p>
<p>AMT ha quindi attivato una serie di complessi lavori, civili ed impiantistici con l’obiettivo di migliorare il funzionamento e la sicurezza dell’impianto. Sono stati sostituiti tutti i principali componenti e apparati d’ascensore tra cui: l’impianto elettrico, i componenti di sicurezza, il sistema per il controllo della velocità e della frenatura d’emergenza, il sistema paracadute di cabina, le funi, le pulegge, i contrappesi, le porte automatiche, gli ammortizzatori di extra corsa e i sistemi di illuminazione del vano corsa. Particolare attenzione è stata dedicata allo studio e allo sviluppo di nuovi e sofisticati sistemi, volti al maggior livello di sicurezza possibile per i passeggeri e per gli operatori del soccorso in caso di necessità.</p>
<p>Il risultato finale degli interventi è un nuovo ascensore rinnovato e ulteriormente migliorato in termini di sicurezza, accessibilità ed efficienza energetica e che, al contempo, ha ritrovato, grazie al continuo confronto con la Soprintendenza Archeologia, Belle Arti e Paesaggio, l’antico fascino “classe 1909”.</p>
<p>&nbsp;</p>
<p>&nbsp;</p>
<p>&nbsp;</p>
<p>&nbsp;</p>
<p>&nbsp;</p>
<p>&nbsp;</p>
<p>&nbsp;</p>
<p>&nbsp;</p>
<p>&nbsp;</p>

Il più famoso degli ascensori genovesi è di certo l’ascensore di Castelletto Levante che si apre sul belvedere della città; con l’ascensore si percorre una suggestiva salita che dalla zona di Portello, nel centro cittadino, sale fino a spianata Castelletto, un meraviglioso balcone alberato che sovrasta Genova, tra il grigio ardesia dei tetti della parte antica e il blu del mare. &nbsp;&nbsp;<a href="https://www.amt.genova.it/amt/trasporto-multimodale/ascensori/lascensore-castelletto-levante-un-viaggio-nel900/" class="read-more">Continue Reading</a>
