{"id":23295,"date":"2020-07-15T09:58:45","date_gmt":"2020-07-15T07:58:45","guid":{"rendered":"https:\/\/www.amt.genova.it\/amt\/?page_id=23295"},"modified":"2023-01-25T14:39:03","modified_gmt":"2023-01-25T13:39:03","slug":"selezione-tecnici-informatici","status":"publish","type":"page","link":"https:\/\/www.amt.genova.it\/amt\/societa_trasparente\/bandi-di-concorso\/selezione-tecnici-informatici\/","title":{"rendered":"Selezione Tecnici Informatici"},"content":{"rendered":"<p>AMT \u00e8 la Societ\u00e0 partecipata dal Comune di Genova e dalla Citt\u00e0 Metropolitana incaricata della programmazione, gestione e commercializzazione di servizi di trasporto multimodali (gomma, ferro, fune, via mare) nell'area metropolitana di Genova.<\/p>\n<p>L'Azienda \u00e8 al servizio della Citt\u00e0 anche nell'attuazione del Piano di Mobilit\u00e0 Sostenibile e nell'innovazione per quanto attiene soluzioni trasportistiche e tecnologiche nel campo della mobilit\u00e0.<\/p>\n<p>AMT intende essere un\u2019eccellenza nei compiti a lei affidati. Attualmente ricerca:<\/p>\n<p><strong>TECNICI INFORMATICI<\/strong> da selezionare e da tenere in evidenza per eventuali assunzioni nelle seguenti posizioni:<\/p>\n<p><strong>\u00a0<\/strong><strong>A) TECNICO INFORMATICO SAP (rif. IT\/20\/1)<\/strong><\/p>\n<p>La posizione sar\u00e0 inserita all\u2019interno della Funzione \u201cInformatica Gestionale\u201d.<\/p>\n<p><strong>Requisiti richiesti:<\/strong><\/p>\n<ul>\n<li>Diploma di scuola secondaria di 2\u00b0 grado<\/li>\n<li>Buona conoscenza della lingua inglese<\/li>\n<li>Dimestichezza nella Progettazione di DATA BASE e con i Sistemi WINDOWS<\/li>\n<li>Competenze specialistiche SAP, con conoscenza di almeno due dei seguenti moduli: SD, PM (preferibilmente), FI, CO, MM e capacit\u00e0 di operare in ambito SAP ECC 6.0 con i seguenti strumenti: SAP Web Dynpro, SAP FIORI, ABAP, SMARTFORM<\/li>\n<li>Familiarit\u00e0 con Parametrizzazione SAP (SPRO)<\/li>\n<li>Esperienza lavorativa minimo 4 anni in ambito SAP con mansioni di Consultant\/Senior Developer ABAP, con particolare rifermento ai moduli sopraccitati, preferibilmente SD<\/li>\n<li>Partecipazione in qualit\u00e0 di Senior Developer ad almeno due progetti di upgrade SAP<\/li>\n<li>Esperienza minimo 4 anni di Application Maintenance e Help Desk utenti finali.<\/li>\n<\/ul>\n<p>&nbsp;<\/p>\n<p><strong>B) TECNICO INFORMATICO SVILUPPO SOFTWARE (rif. IT\/20\/2)<\/strong><\/p>\n<p>La posizione sar\u00e0 inserita all\u2019interno della Funzione \u201cInformatica Gestionale\u201d.<\/p>\n<p><strong>Requisiti richiesti:<\/strong><\/p>\n<ul>\n<li>Diploma di scuola secondaria di 2\u00b0 grado<\/li>\n<li>Buona conoscenza della lingua inglese<\/li>\n<li>Competenze specialistiche sviluppo software con conoscenza dei seguenti linguaggi: Visual Studio (Visual Basic 6, Visual Basic dot net), Java, JavaScript, PHP, C#, HTML, SQL\/MYSQL, Oracle e Data Base Administration, Portale Sap NetWeaver, WORDPRESS<\/li>\n<li>Conoscenza per sviluppo applicazioni su Mobile (Android\/IOS)<\/li>\n<li>Competenze sistemistiche di base: Microsoft Windows, Windows Server, VMWARE ESXI, LINUX<\/li>\n<li>Esperienza minimo 4 anni in progetti di aziende di medio-grandi dimensioni con mansioni di Senior Developer, con particolare riferimento alle applicazioni Web E-commerce, applicazioni Netweaver e Visual Studio.<\/li>\n<\/ul>\n<p>Per entrambe le posizioni, i candidati devono essere in grado di produrre documentazione tecnica accurata per la condivisione delle specifiche e delle politiche di utilizzo degli strumenti sviluppati. Inoltre devono avere buone capacit\u00e0 relazionali e di lavoro in team.<\/p>\n<p>Le candidature ritenute di interesse, in relazione al curriculum, verranno convocate per colloqui finalizzati all'inserimento nella suddetta area aziendale.<\/p>\n<p>La Selezione per i profili in oggetto \u00e8 rivolta indistintamente a uomini e donne (D.Lgs. 198\/2006) e anche a candidati che risultino appartenenti alle categorie protette (L. 68\/99).<\/p>\n<p>Per manifestare il proprio interesse alla Selezione \u00e8 necessario compilare ed inviare on line, allegando dettagliato curriculum vitae, il Modulo raggiungibile dal link sottostante <strong>entro il 31 luglio 2020<\/strong>:<\/p>\n<h2 style=\"text-align: center;\"><strong><em>MODULO<\/em><\/strong><\/h2>\n<p><u>Eventuali curricula inviati in precedenza o trasmessi con altro mezzo non saranno presi in considerazione per questa Selezione<\/u>.<\/p>\n<p><strong>\u00a0<\/strong><strong>Iter selettivo<\/strong><\/p>\n<p><strong>FASE 1: Screening curricula<\/strong><\/p>\n<p>La fase di screening delle candidature pervenute prevede la valutazione dei requisiti dichiarati dai candidati nei rispettivi CV. Quanto dichiarato dai candidati verr\u00e0 confrontato con i requisiti richiesti nel presente Avviso attraverso una scala di corrispondenza al profilo ricercato. Le candidature valutate adeguatamente in possesso dei requisiti richiesti potranno accedere alla Fase 2.<\/p>\n<p><strong>\u00a0<\/strong><\/p>\n<p><strong>FASE 2: Colloquio Tecnico<\/strong><\/p>\n<p>I candidati che avranno accesso a questa fase saranno convocati per un colloquio tecnico, che potr\u00e0 svolgersi in presenza in Azienda o a distanza via web, secondo quanto indicato nella convocazione trasmessa via e-mail all\u2019indirizzo indicato da ognuno nel proprio cv. Il colloquio tecnico, a cura di una Commissione di esperti aziendali, potr\u00e0 essere eventualmente corredato da prove pratiche, test e questionari.<\/p>\n<p>I candidati saranno valutati in base al livello di effettivo possesso dei requisiti tecnico-professionali richiesti e sopradescritti espresso da griglie numeriche che andranno a comporre la scheda di valutazione globale espressa in centesimi.<\/p>\n<p>Per considerare superata questa seconda Fase occorre raggiungere un punteggio minimo di 70\/100 dato dalla somma dei punteggi delle diverse griglie espresse nella scheda di valutazione.<\/p>\n<p><strong>\u00a0<\/strong><\/p>\n<p><strong>FASE 3: Colloquio Motivazionale<\/strong><\/p>\n<p>Coloro che supereranno il colloquio tecnico saranno sottoposti ad un secondo colloquio con la Direzione Aziendale, volto a valutare attraverso una ulteriore scheda di valutazione numerica espressa in trentesimi gli aspetti attitudinali, relazionali e motivazionali del candidato in funzione del ruolo ricercato. Avranno superato la Selezione i candidati che avranno ottenuto un punteggio maggiore di 20\/30. In base all\u2019esito di questa prova, verr\u00e0 stilata una graduatoria, valida 12 mesi dalla data di pubblicazione, dalla quale l\u2019Azienda si riserva di attingere per l\u2019eventuale assunzione in relazione alla\/e posizione\/i da ricoprire, con tempistiche che verranno decise in base alle esigenze organizzative e di servizio aziendali.<\/p>\n<p><strong>\u00a0<\/strong><\/p>\n<p><strong>Requisiti necessari per l\u2019assunzione<\/strong><\/p>\n<p>All'atto dell'eventuale assunzione, il candidato individuato, pena l'esclusione, dovr\u00e0 possedere i seguenti requisiti:<\/p>\n<ul>\n<li>idoneit\u00e0 psico-fisica;<\/li>\n<li>godimento dei diritti politici;<\/li>\n<li>assenza di condanne penali o procedimenti penali pendenti (come descritto nel \u2018Documento Selezione e assunzione del personale\u2019 AMT approvato il 1\u00b0 dicembre 2017 e pubblicato sul sito web di AMT);<\/li>\n<li>per i cittadini extracomunitari permesso di soggiorno in corso di validit\u00e0;<\/li>\n<li>piena conoscenza della lingua italiana.<\/li>\n<\/ul>\n<p><strong>Dichiarazioni non corrispondenti a verit\u00e0 comporteranno l'<u>immediata esclusione in qualsiasi fase della Selezione<\/u><\/strong>.\u00a0In caso di dichiarazioni non corrispondenti a verit\u00e0, AMT si riserva di procedere ad eventuali segnalazioni agli Organi competenti, ai sensi della normativa vigente.<\/p>\n<p>L\u2019eventuale assunzione avverr\u00e0 con inquadramento commisurato al livello di competenza posseduto, secondo quanto disposto dalle vigenti normative di legge e dal CCNL Autoferrotranvieri.<\/p>\n<p><strong>\u00a0<\/strong><strong>Informazioni ai candidati<\/strong><\/p>\n<p>Si ricorda che tutti gli aggiornamenti relativi a questa Selezione saranno pubblicati sul sito web di AMT nella pagina dedicata.<\/p>\n<p><strong>AMT declina ogni responsabilit\u00e0 in caso di mancato recapito della convocazione a causa di errato inserimento da parte del candidato del proprio indirizzo e-mail<\/strong>.<\/p>\n<p>LA PRESENZA ALLA SELEZIONE COMPORTA L'IMPLICITA ACCETTAZIONE DI TUTTE LE DISPOSIZIONI PREVISTE DAL PRESENTE AVVISO DI SELEZIONE.<\/p>\n ","protected":false},"excerpt":{"rendered":"AMT \u00e8 la Societ\u00e0 partecipata dal Comune di Genova e dalla Citt\u00e0 Metropolitana incaricata della programmazione, gestione e commercializzazione di servizi di trasporto multimodali (gomma, ferro, fune, via mare) nell'area metropolitana di Genova. L'Azienda \u00e8 al servizio della Citt\u00e0 anche nell'attuazione del Piano di Mobilit\u00e0 Sostenibile e nell'innovazione per quanto attiene soluzioni trasportistiche e tecnologiche nel campo della mobilit\u00e0. AMT&nbsp;<a href=\"https:\/\/www.amt.genova.it\/amt\/societa_trasparente\/bandi-di-concorso\/selezione-tecnici-informatici\/\" class=\"read-more\">Continue Reading<\/a>","protected":false},"author":2,"featured_media":0,"parent":3561,"menu_order":0,"comment_status":"closed","ping_status":"closed","template":"page-fullwidth.php","meta":{"footnotes":""},"class_list":["post-23295","page","type-page","status-publish","hentry"],"_links":{"self":[{"href":"https:\/\/www.amt.genova.it\/amt\/wp-json\/wp\/v2\/pages\/23295","targetHints":{"allow":["GET"]}}],"collection":[{"href":"https:\/\/www.amt.genova.it\/amt\/wp-json\/wp\/v2\/pages"}],"about":[{"href":"https:\/\/www.amt.genova.it\/amt\/wp-json\/wp\/v2\/types\/page"}],"author":[{"embeddable":true,"href":"https:\/\/www.amt.genova.it\/amt\/wp-json\/wp\/v2\/users\/2"}],"replies":[{"embeddable":true,"href":"https:\/\/www.amt.genova.it\/amt\/wp-json\/wp\/v2\/comments?post=23295"}],"version-history":[{"count":5,"href":"https:\/\/www.amt.genova.it\/amt\/wp-json\/wp\/v2\/pages\/23295\/revisions"}],"predecessor-version":[{"id":23524,"href":"https:\/\/www.amt.genova.it\/amt\/wp-json\/wp\/v2\/pages\/23295\/revisions\/23524"}],"up":[{"embeddable":true,"href":"https:\/\/www.amt.genova.it\/amt\/wp-json\/wp\/v2\/pages\/3561"}],"wp:attachment":[{"href":"https:\/\/www.amt.genova.it\/amt\/wp-json\/wp\/v2\/media?parent=23295"}],"curies":[{"name":"wp","href":"https:\/\/api.w.org\/{rel}","templated":true}]}}

<p>AMT è la Società partecipata dal Comune di Genova e dalla Città Metropolitana incaricata della programmazione, gestione e commercializzazione di servizi di trasporto multimodali (gomma, ferro, fune, via mare) nell'area metropolitana di Genova.</p>
<p>L'Azienda è al servizio della Città anche nell'attuazione del Piano di Mobilità Sostenibile e nell'innovazione per quanto attiene soluzioni trasportistiche e tecnologiche nel campo della mobilità.</p>
<p>AMT intende essere un’eccellenza nei compiti a lei affidati. Attualmente ricerca:</p>
<p><strong>TECNICI INFORMATICI</strong> da selezionare e da tenere in evidenza per eventuali assunzioni nelle seguenti posizioni:</p>
<p><strong> </strong><strong>A) TECNICO INFORMATICO SAP (rif. IT/20/1)</strong></p>
<p>La posizione sarà inserita all’interno della Funzione “Informatica Gestionale”.</p>
<p><strong>Requisiti richiesti:</strong></p>
<ul>
<li>Diploma di scuola secondaria di 2° grado</li>
<li>Buona conoscenza della lingua inglese</li>
<li>Dimestichezza nella Progettazione di DATA BASE e con i Sistemi WINDOWS</li>
<li>Competenze specialistiche SAP, con conoscenza di almeno due dei seguenti moduli: SD, PM (preferibilmente), FI, CO, MM e capacità di operare in ambito SAP ECC 6.0 con i seguenti strumenti: SAP Web Dynpro, SAP FIORI, ABAP, SMARTFORM</li>
<li>Familiarità con Parametrizzazione SAP (SPRO)</li>
<li>Esperienza lavorativa minimo 4 anni in ambito SAP con mansioni di Consultant/Senior Developer ABAP, con particolare rifermento ai moduli sopraccitati, preferibilmente SD</li>
<li>Partecipazione in qualità di Senior Developer ad almeno due progetti di upgrade SAP</li>
<li>Esperienza minimo 4 anni di Application Maintenance e Help Desk utenti finali.</li>
</ul>
<p>&nbsp;</p>
<p><strong>B) TECNICO INFORMATICO SVILUPPO SOFTWARE (rif. IT/20/2)</strong></p>
<p>La posizione sarà inserita all’interno della Funzione “Informatica Gestionale”.</p>
<p><strong>Requisiti richiesti:</strong></p>
<ul>
<li>Diploma di scuola secondaria di 2° grado</li>
<li>Buona conoscenza della lingua inglese</li>
<li>Competenze specialistiche sviluppo software con conoscenza dei seguenti linguaggi: Visual Studio (Visual Basic 6, Visual Basic dot net), Java, JavaScript, PHP, C#, HTML, SQL/MYSQL, Oracle e Data Base Administration, Portale Sap NetWeaver, WORDPRESS</li>
<li>Conoscenza per sviluppo applicazioni su Mobile (Android/IOS)</li>
<li>Competenze sistemistiche di base: Microsoft Windows, Windows Server, VMWARE ESXI, LINUX</li>
<li>Esperienza minimo 4 anni in progetti di aziende di medio-grandi dimensioni con mansioni di Senior Developer, con particolare riferimento alle applicazioni Web E-commerce, applicazioni Netweaver e Visual Studio.</li>
</ul>
<p>Per entrambe le posizioni, i candidati devono essere in grado di produrre documentazione tecnica accurata per la condivisione delle specifiche e delle politiche di utilizzo degli strumenti sviluppati. Inoltre devono avere buone capacità relazionali e di lavoro in team.</p>
<p>Le candidature ritenute di interesse, in relazione al curriculum, verranno convocate per colloqui finalizzati all'inserimento nella suddetta area aziendale.</p>
<p>La Selezione per i profili in oggetto è rivolta indistintamente a uomini e donne (D.Lgs. 198/2006) e anche a candidati che risultino appartenenti alle categorie protette (L. 68/99).</p>
<p>Per manifestare il proprio interesse alla Selezione è necessario compilare ed inviare on line, allegando dettagliato curriculum vitae, il Modulo raggiungibile dal link sottostante <strong>entro il 31 luglio 2020</strong>:</p>
<h2 style="text-align: center;"><strong><em>MODULO</em></strong></h2>
<p><u>Eventuali curricula inviati in precedenza o trasmessi con altro mezzo non saranno presi in considerazione per questa Selezione</u>.</p>
<p><strong> </strong><strong>Iter selettivo</strong></p>
<p><strong>FASE 1: Screening curricula</strong></p>
<p>La fase di screening delle candidature pervenute prevede la valutazione dei requisiti dichiarati dai candidati nei rispettivi CV. Quanto dichiarato dai candidati verrà confrontato con i requisiti richiesti nel presente Avviso attraverso una scala di corrispondenza al profilo ricercato. Le candidature valutate adeguatamente in possesso dei requisiti richiesti potranno accedere alla Fase 2.</p>
<p><strong> </strong></p>
<p><strong>FASE 2: Colloquio Tecnico</strong></p>
<p>I candidati che avranno accesso a questa fase saranno convocati per un colloquio tecnico, che potrà svolgersi in presenza in Azienda o a distanza via web, secondo quanto indicato nella convocazione trasmessa via e-mail all’indirizzo indicato da ognuno nel proprio cv. Il colloquio tecnico, a cura di una Commissione di esperti aziendali, potrà essere eventualmente corredato da prove pratiche, test e questionari.</p>
<p>I candidati saranno valutati in base al livello di effettivo possesso dei requisiti tecnico-professionali richiesti e sopradescritti espresso da griglie numeriche che andranno a comporre la scheda di valutazione globale espressa in centesimi.</p>
<p>Per considerare superata questa seconda Fase occorre raggiungere un punteggio minimo di 70/100 dato dalla somma dei punteggi delle diverse griglie espresse nella scheda di valutazione.</p>
<p><strong> </strong></p>
<p><strong>FASE 3: Colloquio Motivazionale</strong></p>
<p>Coloro che supereranno il colloquio tecnico saranno sottoposti ad un secondo colloquio con la Direzione Aziendale, volto a valutare attraverso una ulteriore scheda di valutazione numerica espressa in trentesimi gli aspetti attitudinali, relazionali e motivazionali del candidato in funzione del ruolo ricercato. Avranno superato la Selezione i candidati che avranno ottenuto un punteggio maggiore di 20/30. In base all’esito di questa prova, verrà stilata una graduatoria, valida 12 mesi dalla data di pubblicazione, dalla quale l’Azienda si riserva di attingere per l’eventuale assunzione in relazione alla/e posizione/i da ricoprire, con tempistiche che verranno decise in base alle esigenze organizzative e di servizio aziendali.</p>
<p><strong> </strong></p>
<p><strong>Requisiti necessari per l’assunzione</strong></p>
<p>All'atto dell'eventuale assunzione, il candidato individuato, pena l'esclusione, dovrà possedere i seguenti requisiti:</p>
<ul>
<li>idoneità psico-fisica;</li>
<li>godimento dei diritti politici;</li>
<li>assenza di condanne penali o procedimenti penali pendenti (come descritto nel ‘Documento Selezione e assunzione del personale’ AMT approvato il 1° dicembre 2017 e pubblicato sul sito web di AMT);</li>
<li>per i cittadini extracomunitari permesso di soggiorno in corso di validità;</li>
<li>piena conoscenza della lingua italiana.</li>
</ul>
<p><strong>Dichiarazioni non corrispondenti a verità comporteranno l'<u>immediata esclusione in qualsiasi fase della Selezione</u></strong>. In caso di dichiarazioni non corrispondenti a verità, AMT si riserva di procedere ad eventuali segnalazioni agli Organi competenti, ai sensi della normativa vigente.</p>
<p>L’eventuale assunzione avverrà con inquadramento commisurato al livello di competenza posseduto, secondo quanto disposto dalle vigenti normative di legge e dal CCNL Autoferrotranvieri.</p>
<p><strong> </strong><strong>Informazioni ai candidati</strong></p>
<p>Si ricorda che tutti gli aggiornamenti relativi a questa Selezione saranno pubblicati sul sito web di AMT nella pagina dedicata.</p>
<p><strong>AMT declina ogni responsabilità in caso di mancato recapito della convocazione a causa di errato inserimento da parte del candidato del proprio indirizzo e-mail</strong>.</p>
<p>LA PRESENZA ALLA SELEZIONE COMPORTA L'IMPLICITA ACCETTAZIONE DI TUTTE LE DISPOSIZIONI PREVISTE DAL PRESENTE AVVISO DI SELEZIONE.</p>

AMT è la Società partecipata dal Comune di Genova e dalla Città Metropolitana incaricata della programmazione, gestione e commercializzazione di servizi di trasporto multimodali (gomma, ferro, fune, via mare) nell'area metropolitana di Genova. L'Azienda è al servizio della Città anche nell'attuazione del Piano di Mobilità Sostenibile e nell'innovazione per quanto attiene soluzioni trasportistiche e tecnologiche nel campo della mobilità. AMT&nbsp;<a href="https://www.amt.genova.it/amt/societa_trasparente/bandi-di-concorso/selezione-tecnici-informatici/" class="read-more">Continue Reading</a>
