{"id":20900,"date":"2019-10-01T10:38:26","date_gmt":"2019-10-01T08:38:26","guid":{"rendered":"https:\/\/www.amt.genova.it\/amt\/?page_id=20900"},"modified":"2019-10-01T10:45:04","modified_gmt":"2019-10-01T08:45:04","slug":"lascensore-castelletto-ponente-rinnova-il-suo-antico-fascino-e-torna-in-servizio","status":"publish","type":"page","link":"https:\/\/www.amt.genova.it\/amt\/lascensore-castelletto-ponente-rinnova-il-suo-antico-fascino-e-torna-in-servizio\/","title":{"rendered":"L\u2019Ascensore Castelletto Ponente rinnova il suo antico fascino e torna in servizio"},"content":{"rendered":"<div class=\"row\">\n<div id=\"content\" class=\"span9 right\" data-motopress-type=\"loop\" data-motopress-loop-file=\"loop\/loop-single.php\">\n<article id=\"post-20841\" class=\"post__holder post-20841 post type-post status-publish format-standard has-post-thumbnail hentry category-notizie cat-4-id\">\n<div class=\"post_content\">\n<div id=\"attachment_20871\" style=\"width: 374px\" class=\"wp-caption alignleft\"><img loading=\"lazy\" decoding=\"async\" aria-describedby=\"caption-attachment-20871\" class=\" wp-image-20871\" src=\"\/amt\/wp-content\/uploads\/2019\/09\/La-stazione-superiore.jpg\" alt=\"\" width=\"364\" height=\"273\" srcset=\"https:\/\/www.amt.genova.it\/amt\/wp-content\/uploads\/2019\/09\/La-stazione-superiore.jpg 640w, https:\/\/www.amt.genova.it\/amt\/wp-content\/uploads\/2019\/09\/La-stazione-superiore-300x225.jpg 300w, https:\/\/www.amt.genova.it\/amt\/wp-content\/uploads\/2019\/09\/La-stazione-superiore-200x150.jpg 200w\" sizes=\"auto, (max-width: 364px) 100vw, 364px\" \/><p id=\"caption-attachment-20871\" class=\"wp-caption-text\">La stazione superiore<\/p><\/div>\n<p>Completamente rinnovato e restaurato riapre <strong>l\u2019ascensore di Castelletto Ponente<\/strong>. Terminati gli interventi relativi alla revisione trentennale, l\u2019impianto \u00e8\u00a0 <strong>tornato in servizio per la citt\u00e0 da venerd\u00ec 27 settembre 2019.<\/strong><\/p>\n<p><a href=\"https:\/\/www.youtube.com\/watch?v=Q0bsSFva7UE\" target=\"_blank\" rel=\"noopener\">Video inaugurazione ascensore ascensore Castelletto Ponente<\/a><\/p>\n<p>Raggiunti i trent\u2019anni di vita tecnica, l\u2019ascensore ha sospeso il servizio nel marzo 2018 per consentire i lavori di ammodernamento cos\u00ec come previsto dalla normativa. AMT ha pertanto attivato una serie di complessi lavori, civili ed impiantistici con l\u2019obiettivo di migliorare il funzionamento e la sicurezza dell\u2019impianto.<\/p>\n<p>Il risultato finale degli interventi \u00e8 <strong>un nuovo ascensore<\/strong>, rinnovato in termini di sicurezza, accessibilit\u00e0 ed efficienza energetica, ma che preserva al contempo, grazie al continuo confronto con la Soprintendenza Archeologia, Belle Arti e Paesaggio, l\u2019antico fascino di impianto storico \u201cclasse 1929\u201d.<\/p>\n<p>Sono state moltissime le attivit\u00e0 svolte nel restyling del Castelletto Ponente. Gli interventi hanno riguardato innanzitutto il rinnovamento dell\u2019ascensore con la <strong>sostituzione di tutte le componenti in movimento<\/strong>, come argano, contrappeso e arcata e la verifica di tutte le strutture dell\u2019impianto.<\/p>\n<div id=\"attachment_20869\" style=\"width: 300px\" class=\"wp-caption alignright\"><img loading=\"lazy\" decoding=\"async\" aria-describedby=\"caption-attachment-20869\" class=\" wp-image-20869\" src=\"\/amt\/wp-content\/uploads\/2019\/09\/La-cabina-restaurata.jpg\" alt=\"\" width=\"290\" height=\"217\" srcset=\"https:\/\/www.amt.genova.it\/amt\/wp-content\/uploads\/2019\/09\/La-cabina-restaurata.jpg 1024w, https:\/\/www.amt.genova.it\/amt\/wp-content\/uploads\/2019\/09\/La-cabina-restaurata-300x225.jpg 300w, https:\/\/www.amt.genova.it\/amt\/wp-content\/uploads\/2019\/09\/La-cabina-restaurata-768x576.jpg 768w, https:\/\/www.amt.genova.it\/amt\/wp-content\/uploads\/2019\/09\/La-cabina-restaurata-200x150.jpg 200w\" sizes=\"auto, (max-width: 290px) 100vw, 290px\" \/><p id=\"caption-attachment-20869\" class=\"wp-caption-text\">La cabina restaurata<\/p><\/div>\n<p>Particolare attenzione \u00e8 stata prestata alla <strong>valorizzazione storica <\/strong>dell\u2019ascensore attraverso un importante restauro conservativo della cabina in legno che ha mantenuto totalmente l\u2019aspetto e i materiali originari. Restaurati anche gli intonaci della stazione superiore di Castelletto per preservare l\u2019aspetto antico della struttura. Realizzati importanti lavori di coloritura e restauro che hanno comportato 2.400 mq di coloriture e 770 mq di pareti e soffitti restaurati.<\/p>\n<div id=\"attachment_20873\" style=\"width: 329px\" class=\"wp-caption alignleft\"><img loading=\"lazy\" decoding=\"async\" aria-describedby=\"caption-attachment-20873\" class=\" wp-image-20873\" src=\"\/amt\/wp-content\/uploads\/2019\/09\/Luscita-della-stazione-superiore.jpg\" alt=\"\" width=\"319\" height=\"239\" srcset=\"https:\/\/www.amt.genova.it\/amt\/wp-content\/uploads\/2019\/09\/Luscita-della-stazione-superiore.jpg 1024w, https:\/\/www.amt.genova.it\/amt\/wp-content\/uploads\/2019\/09\/Luscita-della-stazione-superiore-300x225.jpg 300w, https:\/\/www.amt.genova.it\/amt\/wp-content\/uploads\/2019\/09\/Luscita-della-stazione-superiore-768x576.jpg 768w, https:\/\/www.amt.genova.it\/amt\/wp-content\/uploads\/2019\/09\/Luscita-della-stazione-superiore-200x150.jpg 200w\" sizes=\"auto, (max-width: 319px) 100vw, 319px\" \/><p id=\"caption-attachment-20873\" class=\"wp-caption-text\">L'uscita della stazione superiore<\/p><\/div>\n<p>I lavori della revisione trentennale hanno poi reso l\u2019ascensore ancora pi\u00f9 <strong>accessibile e comodo<\/strong> grazie all\u2019<strong>abbattimento delle barriere architettoniche<\/strong>. Sono stati numerosi gli interventi per rendere l\u2019impianto pi\u00f9 fruibile da tutti: \u00e8 stata realizzata la nuova segnaletica direzionale con mappe tattili, sono stati installati, in entrambe le stazioni, percorsi con <em>codici loges<\/em> per le persone non vedenti e ipovedenti; l\u2019impianto \u00e8 stato inoltre dotato di accessi facilitati, pulsantiere tattili e segnalazione acustica.<\/p>\n<p>Sul fronte della <strong>sicurezza<\/strong> sono state molteplici le misure adottate, prima fra tutti l\u2019introduzione dei <strong>nuovi dispositivi di sicurezza previsti dalla normativa<\/strong> che riguardano, ad esempio, il controllo della velocit\u00e0 dell\u2019ascensore, sia in salita sia in discesa, e il mantenimento della cabina allo stesso livello del piano di discesa.<\/p>\n<p>La <strong>cabina \u00e8 stata resa resistente al fuoco<\/strong> grazie al trattamento con specifiche vernici ignifughe; inoltre, per mantenerne l\u2019aspetto originale ed adeguarla alla normativa in termini di sicurezza, la sua capacit\u00e0 \u00e8 stata leggermente ridotta.<\/p>\n<p>Sempre per incrementare la sicurezza dell\u2019impianto \u00e8 stato installato un sistema di videosorveglianza collegato alla centrale AMT, sia in cabina sia nelle stazioni, a disposizione dei clienti in caso di necessit\u00e0.<\/p>\n<p>Un salto di qualit\u00e0 \u00e8 stato fatto anche in termini di <strong>efficienza energetica<\/strong> grazie al rinnovamento completo dell\u2019impianto elettrico, al passaggio alla bassa tensione e all\u2019installazione di lampade per l\u2019illuminazione di ultima generazione con LED a basso consumo.<\/p>\n<p>In occasione della riapertura di Castelletto Ponente \u00e8 stato realizzato anche il restauro della galleria del Comune che porta in via Cairoli e costituisce il naturale prolungamento della galleria di accesso alla stazione inferiore dell\u2019ascensore verso il centro citt\u00e0, come sottolinea il vice sindaco <strong>Stefano Balleari<\/strong>: \u201cQuesto impianto era arrivato alla fine della vita tecnica e, come previsto dalla normativa, \u00e8 stato completamente revisionato. Sono felicissimo del risultato raggiunto da AMT che con questo importante intervento restituisce alla citt\u00e0 un ascensore pi\u00f9 efficiente. genovesi e turisti potranno utilizzarlo per raggiungere uno dei punti panoramici pi\u00f9 suggestivi sui tetti della citt\u00e0. Con l\u2019occasione desidero ringraziare Davide Viziano, presidente di \u201cProgetti e costruzioni\u201d del Gruppo Viziano e Andreina Boero, presidente del Gruppo Boero per il contributo che hanno dato alla citt\u00e0 con la sistemazione della propriet\u00e0 comunale di collegamento tra piazza della Meridiana e la galleria stradale che non rientrava nelle competenze di AMT. Desidero ringraziare tutte le aziende che hanno lavorato per questa giornata di festa: AMT, AMIU ed ASTER\u201d.<\/p>\n<p>La singolare collocazione dell\u2019accesso di Castelletto Ponente all\u2019interno della galleria stradale Giuseppe Garibaldi, che collega Portello alla Zecca, \u00e8 da ricondurre alla storia stessa del sistema di impianti verticali gestiti da AMT. Infatti, tra la fine dell\u2019800 e i primi del \u2018900 lo sviluppo urbanistico di Genova ha portato ad ipotizzare nuovi tipi di collegamento verticale tra il cuore della citt\u00e0 e le alture, con particolare riferimento alla zona di Circonvallazione a Monte. L\u2019ascensore si identificava allora come il mezzo pi\u00f9 idoneo, risalgono al 1886 le prime idee per un collegamento veloce tra Portello e Castelletto. Nel 1909 veniva inaugurato l\u2019ascensore di Castelletto Levante, uno degli impianti storici pi\u00f9 caratteristici e noti di Genova e qualche anno dopo, nel 1918, veniva proposta la costruzione di un nuovo ascensore tra piazza Zecca e Spianata Castelletto in risposta al notevole volume di traffico di passeggeri della zona. Nel 1929 si realizzava l\u2019ascensore di Castelletto Ponente con l\u2019accesso tramite galleria. L\u2019impianto fu costruito dall\u2019azienda meccanica Stigler &amp; Otis, la prima la societ\u00e0 costruttrice di ascensori italiana, fondata a Milano nel 1859.<\/p>\n<p><em>\u00a0<\/em>\u201cLa storia della nostra citt\u00e0 \u00e8 affascinante anche per la variet\u00e0 dei diversi sistemi di trasporto che ne ha accompagnato lo sviluppo, adattando nel tempo innovative soluzioni ingegneristiche all\u2019espansione urbanistica per dare risposte sempre pi\u00f9 efficaci alla crescente necessit\u00e0 di spostamento dei genovesi tra le diverse quote della citt\u00e0 - dichiara <strong>Matteo Campora<\/strong>, Assessore Ambiente, Mobilit\u00e0, Energia - Con molto piacere sono qui oggi ad inaugurare questo rinnovato ascensore che unisce la valenza trasportistica a quella storica e ringrazio Stefano Balleari che ha dato il via ai lavori dell\u2019ascensore\u00a0 per l\u2019ottimo lavoro svolto per il trasporto pubblico della nostra citt\u00e0. Credo fortemente in una mobilit\u00e0 che sappia utilizzare una pluralit\u00e0 di strumenti e sistemi diversi, sostenibili e sempre pi\u00f9 ecologici, proprio come questo ascensore che dai suoi 90 anni guarda al futuro elettrico del trasporto pubblico cittadino. Mi auguro che questo impianto possa essere sempre pi\u00f9 apprezzato e conosciuto dai genovesi e dai tanti turisti che vengono a Genova alla scoperta delle sue unicit\u00e0\u201d.<\/p>\n<p>\u201cLa conformazione della nostra citt\u00e0 caratterizza da sempre i sistemi di trasporto di AMT - sottolinea <strong>Marco Beltrami<\/strong>, Amministratore Unico - spesso parliamo solo di bus e metro ma gli impianti verticali svolgono un ruolo fondamentale e unico per la mobilit\u00e0 dei cittadini e come attrattiva per i turisti. Ci tengo a ribadire l'impegno e l'attenzione di AMT per migliorare anche queste strutture, la giornata di oggi ne \u00e8 testimonianza, e a favorirne un uso sempre maggiore\u201d.<\/p>\n<p>L\u2019ascensore <strong>Castelletto Ponente<\/strong> \u00e8 <strong>in servizio tutti i giorni, dal luned\u00ec alla domenica, dalle ore 6.40 alle 24.00.<\/strong><\/p>\n<p>AMT ringrazia per la collaborazione ricevuta in questi mesi di lavoro: la Soprintendenza Archeologia, Belle Arti e Paesaggio per la Citt\u00e0 Metropolitana di Genova e le province di Imperia, La Spezia e Savona; la Consulta Comunale e Provinciale per i Problemi dell\u2019Handicap; l\u2019Ufficio Accessibilit\u00e0 del Comune di Genova; USTIF Ufficio Speciale Trasporti ad Impianti Fissi Piemonte, Liguria e Valle d\u2019Aosta.<\/p>\n<p><a href=\"https:\/\/www.amt.genova.it\/amt\/foto-gallery-ascensore-castelletto-ponente\/\">Foto Gallery <\/a><\/p>\n<div class=\"clear\"><\/div>\n<\/div>\n<\/article>\n<\/div>\n<\/div>\n ","protected":false},"excerpt":{"rendered":"Completamente rinnovato e restaurato riapre l\u2019ascensore di Castelletto Ponente. Terminati gli interventi relativi alla revisione trentennale, l\u2019impianto \u00e8\u00a0 tornato in servizio per la citt\u00e0 da venerd\u00ec 27 settembre 2019. Video inaugurazione ascensore ascensore Castelletto Ponente Raggiunti i trent\u2019anni di vita tecnica, l\u2019ascensore ha sospeso il servizio nel marzo 2018 per consentire i lavori di ammodernamento cos\u00ec come previsto dalla normativa.&nbsp;<a href=\"https:\/\/www.amt.genova.it\/amt\/lascensore-castelletto-ponente-rinnova-il-suo-antico-fascino-e-torna-in-servizio\/\" class=\"read-more\">Continue Reading<\/a>","protected":false},"author":2,"featured_media":0,"parent":0,"menu_order":0,"comment_status":"closed","ping_status":"closed","template":"page-fullwidth.php","meta":{"footnotes":""},"class_list":["post-20900","page","type-page","status-publish","hentry"],"_links":{"self":[{"href":"https:\/\/www.amt.genova.it\/amt\/wp-json\/wp\/v2\/pages\/20900","targetHints":{"allow":["GET"]}}],"collection":[{"href":"https:\/\/www.amt.genova.it\/amt\/wp-json\/wp\/v2\/pages"}],"about":[{"href":"https:\/\/www.amt.genova.it\/amt\/wp-json\/wp\/v2\/types\/page"}],"author":[{"embeddable":true,"href":"https:\/\/www.amt.genova.it\/amt\/wp-json\/wp\/v2\/users\/2"}],"replies":[{"embeddable":true,"href":"https:\/\/www.amt.genova.it\/amt\/wp-json\/wp\/v2\/comments?post=20900"}],"version-history":[{"count":5,"href":"https:\/\/www.amt.genova.it\/amt\/wp-json\/wp\/v2\/pages\/20900\/revisions"}],"predecessor-version":[{"id":20906,"href":"https:\/\/www.amt.genova.it\/amt\/wp-json\/wp\/v2\/pages\/20900\/revisions\/20906"}],"wp:attachment":[{"href":"https:\/\/www.amt.genova.it\/amt\/wp-json\/wp\/v2\/media?parent=20900"}],"curies":[{"name":"wp","href":"https:\/\/api.w.org\/{rel}","templated":true}]}}

<div class="row">
<div id="content" class="span9 right" data-motopress-type="loop" data-motopress-loop-file="loop/loop-single.php">
<article id="post-20841" class="post__holder post-20841 post type-post status-publish format-standard has-post-thumbnail hentry category-notizie cat-4-id">
<div class="post_content">
<div id="attachment_20871" style="width: 374px" class="wp-caption alignleft"><img loading="lazy" decoding="async" aria-describedby="caption-attachment-20871" class=" wp-image-20871" src="/amt/wp-content/uploads/2019/09/La-stazione-superiore.jpg" alt="" width="364" height="273" srcset="https://www.amt.genova.it/amt/wp-content/uploads/2019/09/La-stazione-superiore.jpg 640w, https://www.amt.genova.it/amt/wp-content/uploads/2019/09/La-stazione-superiore-300x225.jpg 300w, https://www.amt.genova.it/amt/wp-content/uploads/2019/09/La-stazione-superiore-200x150.jpg 200w" sizes="auto, (max-width: 364px) 100vw, 364px" /><p id="caption-attachment-20871" class="wp-caption-text">La stazione superiore</p></div>
<p>Completamente rinnovato e restaurato riapre <strong>l’ascensore di Castelletto Ponente</strong>. Terminati gli interventi relativi alla revisione trentennale, l’impianto è  <strong>tornato in servizio per la città da venerdì 27 settembre 2019.</strong></p>
<p><a href="https://www.youtube.com/watch?v=Q0bsSFva7UE" target="_blank" rel="noopener">Video inaugurazione ascensore ascensore Castelletto Ponente</a></p>
<p>Raggiunti i trent’anni di vita tecnica, l’ascensore ha sospeso il servizio nel marzo 2018 per consentire i lavori di ammodernamento così come previsto dalla normativa. AMT ha pertanto attivato una serie di complessi lavori, civili ed impiantistici con l’obiettivo di migliorare il funzionamento e la sicurezza dell’impianto.</p>
<p>Il risultato finale degli interventi è <strong>un nuovo ascensore</strong>, rinnovato in termini di sicurezza, accessibilità ed efficienza energetica, ma che preserva al contempo, grazie al continuo confronto con la Soprintendenza Archeologia, Belle Arti e Paesaggio, l’antico fascino di impianto storico “classe 1929”.</p>
<p>Sono state moltissime le attività svolte nel restyling del Castelletto Ponente. Gli interventi hanno riguardato innanzitutto il rinnovamento dell’ascensore con la <strong>sostituzione di tutte le componenti in movimento</strong>, come argano, contrappeso e arcata e la verifica di tutte le strutture dell’impianto.</p>
<div id="attachment_20869" style="width: 300px" class="wp-caption alignright"><img loading="lazy" decoding="async" aria-describedby="caption-attachment-20869" class=" wp-image-20869" src="/amt/wp-content/uploads/2019/09/La-cabina-restaurata.jpg" alt="" width="290" height="217" srcset="https://www.amt.genova.it/amt/wp-content/uploads/2019/09/La-cabina-restaurata.jpg 1024w, https://www.amt.genova.it/amt/wp-content/uploads/2019/09/La-cabina-restaurata-300x225.jpg 300w, https://www.amt.genova.it/amt/wp-content/uploads/2019/09/La-cabina-restaurata-768x576.jpg 768w, https://www.amt.genova.it/amt/wp-content/uploads/2019/09/La-cabina-restaurata-200x150.jpg 200w" sizes="auto, (max-width: 290px) 100vw, 290px" /><p id="caption-attachment-20869" class="wp-caption-text">La cabina restaurata</p></div>
<p>Particolare attenzione è stata prestata alla <strong>valorizzazione storica </strong>dell’ascensore attraverso un importante restauro conservativo della cabina in legno che ha mantenuto totalmente l’aspetto e i materiali originari. Restaurati anche gli intonaci della stazione superiore di Castelletto per preservare l’aspetto antico della struttura. Realizzati importanti lavori di coloritura e restauro che hanno comportato 2.400 mq di coloriture e 770 mq di pareti e soffitti restaurati.</p>
<div id="attachment_20873" style="width: 329px" class="wp-caption alignleft"><img loading="lazy" decoding="async" aria-describedby="caption-attachment-20873" class=" wp-image-20873" src="/amt/wp-content/uploads/2019/09/Luscita-della-stazione-superiore.jpg" alt="" width="319" height="239" srcset="https://www.amt.genova.it/amt/wp-content/uploads/2019/09/Luscita-della-stazione-superiore.jpg 1024w, https://www.amt.genova.it/amt/wp-content/uploads/2019/09/Luscita-della-stazione-superiore-300x225.jpg 300w, https://www.amt.genova.it/amt/wp-content/uploads/2019/09/Luscita-della-stazione-superiore-768x576.jpg 768w, https://www.amt.genova.it/amt/wp-content/uploads/2019/09/Luscita-della-stazione-superiore-200x150.jpg 200w" sizes="auto, (max-width: 319px) 100vw, 319px" /><p id="caption-attachment-20873" class="wp-caption-text">L'uscita della stazione superiore</p></div>
<p>I lavori della revisione trentennale hanno poi reso l’ascensore ancora più <strong>accessibile e comodo</strong> grazie all’<strong>abbattimento delle barriere architettoniche</strong>. Sono stati numerosi gli interventi per rendere l’impianto più fruibile da tutti: è stata realizzata la nuova segnaletica direzionale con mappe tattili, sono stati installati, in entrambe le stazioni, percorsi con <em>codici loges</em> per le persone non vedenti e ipovedenti; l’impianto è stato inoltre dotato di accessi facilitati, pulsantiere tattili e segnalazione acustica.</p>
<p>Sul fronte della <strong>sicurezza</strong> sono state molteplici le misure adottate, prima fra tutti l’introduzione dei <strong>nuovi dispositivi di sicurezza previsti dalla normativa</strong> che riguardano, ad esempio, il controllo della velocità dell’ascensore, sia in salita sia in discesa, e il mantenimento della cabina allo stesso livello del piano di discesa.</p>
<p>La <strong>cabina è stata resa resistente al fuoco</strong> grazie al trattamento con specifiche vernici ignifughe; inoltre, per mantenerne l’aspetto originale ed adeguarla alla normativa in termini di sicurezza, la sua capacità è stata leggermente ridotta.</p>
<p>Sempre per incrementare la sicurezza dell’impianto è stato installato un sistema di videosorveglianza collegato alla centrale AMT, sia in cabina sia nelle stazioni, a disposizione dei clienti in caso di necessità.</p>
<p>Un salto di qualità è stato fatto anche in termini di <strong>efficienza energetica</strong> grazie al rinnovamento completo dell’impianto elettrico, al passaggio alla bassa tensione e all’installazione di lampade per l’illuminazione di ultima generazione con LED a basso consumo.</p>
<p>In occasione della riapertura di Castelletto Ponente è stato realizzato anche il restauro della galleria del Comune che porta in via Cairoli e costituisce il naturale prolungamento della galleria di accesso alla stazione inferiore dell’ascensore verso il centro città, come sottolinea il vice sindaco <strong>Stefano Balleari</strong>: “Questo impianto era arrivato alla fine della vita tecnica e, come previsto dalla normativa, è stato completamente revisionato. Sono felicissimo del risultato raggiunto da AMT che con questo importante intervento restituisce alla città un ascensore più efficiente. genovesi e turisti potranno utilizzarlo per raggiungere uno dei punti panoramici più suggestivi sui tetti della città. Con l’occasione desidero ringraziare Davide Viziano, presidente di “Progetti e costruzioni” del Gruppo Viziano e Andreina Boero, presidente del Gruppo Boero per il contributo che hanno dato alla città con la sistemazione della proprietà comunale di collegamento tra piazza della Meridiana e la galleria stradale che non rientrava nelle competenze di AMT. Desidero ringraziare tutte le aziende che hanno lavorato per questa giornata di festa: AMT, AMIU ed ASTER”.</p>
<p>La singolare collocazione dell’accesso di Castelletto Ponente all’interno della galleria stradale Giuseppe Garibaldi, che collega Portello alla Zecca, è da ricondurre alla storia stessa del sistema di impianti verticali gestiti da AMT. Infatti, tra la fine dell’800 e i primi del ‘900 lo sviluppo urbanistico di Genova ha portato ad ipotizzare nuovi tipi di collegamento verticale tra il cuore della città e le alture, con particolare riferimento alla zona di Circonvallazione a Monte. L’ascensore si identificava allora come il mezzo più idoneo, risalgono al 1886 le prime idee per un collegamento veloce tra Portello e Castelletto. Nel 1909 veniva inaugurato l’ascensore di Castelletto Levante, uno degli impianti storici più caratteristici e noti di Genova e qualche anno dopo, nel 1918, veniva proposta la costruzione di un nuovo ascensore tra piazza Zecca e Spianata Castelletto in risposta al notevole volume di traffico di passeggeri della zona. Nel 1929 si realizzava l’ascensore di Castelletto Ponente con l’accesso tramite galleria. L’impianto fu costruito dall’azienda meccanica Stigler &amp; Otis, la prima la società costruttrice di ascensori italiana, fondata a Milano nel 1859.</p>
<p><em> </em>“La storia della nostra città è affascinante anche per la varietà dei diversi sistemi di trasporto che ne ha accompagnato lo sviluppo, adattando nel tempo innovative soluzioni ingegneristiche all’espansione urbanistica per dare risposte sempre più efficaci alla crescente necessità di spostamento dei genovesi tra le diverse quote della città - dichiara <strong>Matteo Campora</strong>, Assessore Ambiente, Mobilità, Energia - Con molto piacere sono qui oggi ad inaugurare questo rinnovato ascensore che unisce la valenza trasportistica a quella storica e ringrazio Stefano Balleari che ha dato il via ai lavori dell’ascensore  per l’ottimo lavoro svolto per il trasporto pubblico della nostra città. Credo fortemente in una mobilità che sappia utilizzare una pluralità di strumenti e sistemi diversi, sostenibili e sempre più ecologici, proprio come questo ascensore che dai suoi 90 anni guarda al futuro elettrico del trasporto pubblico cittadino. Mi auguro che questo impianto possa essere sempre più apprezzato e conosciuto dai genovesi e dai tanti turisti che vengono a Genova alla scoperta delle sue unicità”.</p>
<p>“La conformazione della nostra città caratterizza da sempre i sistemi di trasporto di AMT - sottolinea <strong>Marco Beltrami</strong>, Amministratore Unico - spesso parliamo solo di bus e metro ma gli impianti verticali svolgono un ruolo fondamentale e unico per la mobilità dei cittadini e come attrattiva per i turisti. Ci tengo a ribadire l'impegno e l'attenzione di AMT per migliorare anche queste strutture, la giornata di oggi ne è testimonianza, e a favorirne un uso sempre maggiore”.</p>
<p>L’ascensore <strong>Castelletto Ponente</strong> è <strong>in servizio tutti i giorni, dal lunedì alla domenica, dalle ore 6.40 alle 24.00.</strong></p>
<p>AMT ringrazia per la collaborazione ricevuta in questi mesi di lavoro: la Soprintendenza Archeologia, Belle Arti e Paesaggio per la Città Metropolitana di Genova e le province di Imperia, La Spezia e Savona; la Consulta Comunale e Provinciale per i Problemi dell’Handicap; l’Ufficio Accessibilità del Comune di Genova; USTIF Ufficio Speciale Trasporti ad Impianti Fissi Piemonte, Liguria e Valle d’Aosta.</p>
<p><a href="https://www.amt.genova.it/amt/foto-gallery-ascensore-castelletto-ponente/">Foto Gallery </a></p>
<div class="clear"></div>
</div>
</article>
</div>
</div>

Completamente rinnovato e restaurato riapre l’ascensore di Castelletto Ponente. Terminati gli interventi relativi alla revisione trentennale, l’impianto è  tornato in servizio per la città da venerdì 27 settembre 2019. Video inaugurazione ascensore ascensore Castelletto Ponente Raggiunti i trent’anni di vita tecnica, l’ascensore ha sospeso il servizio nel marzo 2018 per consentire i lavori di ammodernamento così come previsto dalla normativa.&nbsp;<a href="https://www.amt.genova.it/amt/lascensore-castelletto-ponente-rinnova-il-suo-antico-fascino-e-torna-in-servizio/" class="read-more">Continue Reading</a>
