{"id":20466,"date":"2019-08-29T13:24:41","date_gmt":"2019-08-29T11:24:41","guid":{"rendered":"https:\/\/www.amt.genova.it\/amt\/?page_id=20466"},"modified":"2020-03-06T14:00:33","modified_gmt":"2020-03-06T13:00:33","slug":"ricerca-di-personale-autista-bus","status":"publish","type":"page","link":"https:\/\/www.amt.genova.it\/amt\/amministrazione-trasparente\/ricerca-personale\/ricerca-di-personale-autista-bus\/","title":{"rendered":"Ricerca di Personale &#8211; Autista Bus"},"content":{"rendered":"<p>AMT ricerca persone interessate a svolgere la mansione di<\/p>\n<h2 style=\"text-align: center;\"><strong>AUTISTA BUS<\/strong><\/h2>\n<h2><strong>\u00a0<\/strong><\/h2>\n<p>La ricerca \u00e8 finalizzata alla creazione di un database di candidature da tenere in evidenza per eventuali <strong>future selezioni di Autisti BUS da inserire attraverso il contratto di Apprendistato.<\/strong><\/p>\n<p>Possono partecipare alla Ricerca:<\/p>\n<ol>\n<li>candidati gi\u00e0 <strong>in possesso di Patente di guida D e CQC passeggeri<\/strong> in corso di validit\u00e0;<\/li>\n<li>candidati non ancora in possesso di Patente di guida D e\/o CQC passeggeri, che dimostrino di essere <strong>iscritti ai corsi per il conseguimento della Patente D e\/o della CQC passeggeri<\/strong> tramite attestazione dell\u2019Autoscuola che certifichi l\u2019iscrizione.<\/li>\n<\/ol>\n<p>&nbsp;<\/p>\n<p>Per l\u2019inserimento della propria candidatura nel database \u00e8 necessario compilare il modulo online raggiungibile dal link sottostante:<\/p>\n<h2 style=\"text-align: center;\"><strong><em>MODULO<\/em><\/strong><\/h2>\n<p>La ricerca \u00e8 rivolta indistintamente a uomini e donne (L.903\/77 e L.125\/91) e anche a candidati che risultino appartenenti alle categorie protette (L. 68\/99).<\/p>\n<p>Coloro che invieranno i propri dati riceveranno una mail a conferma dell'avvenuta registrazione.<\/p>\n<p>&nbsp;<\/p>\n<h3><\/h3>\n<p><span style=\"text-decoration: underline;\"><strong>Selezioni<\/strong><\/span><\/p>\n<p><strong>Coloro che risulteranno inseriti nel database, potranno essere invitati a partecipare alle Selezioni per Apprendisti che AMT intendesse avviare.<\/strong><\/p>\n<p><strong>I candidati dovranno essere in possesso dei seguenti requisiti previsti per l\u2019Apprendistato:<\/strong><\/p>\n<p>non aver ancora compiuto i 30 anni di et\u00e0 o, in alternativa, essere beneficiari di una delle seguenti tipologie di trattamento di DISOCCUPAZIONE:<\/p>\n<p>-Mobilit\u00e0<\/p>\n<p>-Naspi<\/p>\n<p>-Aspi<\/p>\n<p>-Mini Aspi<\/p>\n<p>-Dis-Coll<\/p>\n<p>-Indennit\u00e0 speciale di disoccupazione edile<\/p>\n<p>Coloro che supereranno l\u2019iter di Selezione verranno inseriti in una graduatoria di idonei che avr\u00e0 validit\u00e0 24 mesi a partire dalla data di pubblicazione.<\/p>\n<p>Le Selezioni potranno essere svolte, anche a fasi, in relazione alle esigenze di organico e previo esaurimento delle graduatorie, a partire dalla prima Selezione.<\/p>\n<p>&nbsp;<\/p>\n<p><span style=\"text-decoration: underline;\"><strong>Assunzioni<\/strong><\/span><\/p>\n<p>Nel caso in cui il candidato, all\u2019atto dell\u2019eventuale proposta di assunzione, non fosse ancora in possesso della Patente D e della CQC passeggeri, non verr\u00e0 assunto ma potr\u00e0 essere tenuto in evidenza per successive eventuali esigenze, una volta conseguiti i titoli abilitativi. Pertanto rimarr\u00e0 nella sua posizione in graduatoria per tutti i 24 mesi, in attesa di successiva chiamata, mentre verranno avviati all\u2019assunzione altri candidati gi\u00e0 in possesso di patente D e CQC pur se in posizione successiva in graduatoria. Al momento della proposta di assunzione i candidati dovranno comunque essere in possesso di tutti gli altri requisiti necessari di seguito richiamati.<\/p>\n<p>I requisiti necessari da possedere all\u2019atto dell\u2019eventuale assunzione con contratto di Apprendistato sono i seguenti:<\/p>\n<ul>\n<li>non avere compiuto i 30 anni di et\u00e0 o, in alternativa, essere beneficiari di una delle seguenti tipologie di trattamento di DISOCCUPAZIONE:<\/li>\n<\/ul>\n<p>-Mobilit\u00e0<\/p>\n<p>-Naspi<\/p>\n<p>-Aspi<\/p>\n<p>-Mini Aspi<\/p>\n<p>-Dis-Coll<\/p>\n<p>-Indennit\u00e0 speciale di disoccupazione edile<\/p>\n<ul>\n<li>patente di guida D e CQC passeggeri in corso di validit\u00e0;<\/li>\n<li>idoneit\u00e0 psico-fisica a seguito degli accertamenti obbligatori per legge da effettuarsi presso Enti\/Strutture preposti (D.M. 88\/99);<\/li>\n<li>non aver gi\u00e0 completato un periodo di apprendistato professionalizzante relativamente allo stesso profilo professionale;<\/li>\n<li>godimento dei diritti politici;<\/li>\n<li>assenza di condanne penali o procedimenti penali pendenti (come descritto nel \u2018Documento Selezione e assunzione del personale AMT approvato il 1\u00b0 dicembre 2017 e pubblicato sul sito web di AMT);<\/li>\n<li>per i cittadini extracomunitari, permesso di soggiorno per motivi di lavoro in corso di validit\u00e0;<\/li>\n<li>buona conoscenza della lingua italiana.<\/li>\n<\/ul>\n<p>&nbsp;<\/p>\n<p><strong>Tutte le informazioni riguardanti Ricerca e Selezioni saranno pubblicate sul sito web di AMT<\/strong> <strong>con periodici aggiornamenti<\/strong>.<\/p>\n ","protected":false},"excerpt":{"rendered":"AMT ricerca persone interessate a svolgere la mansione di AUTISTA BUS \u00a0 La ricerca \u00e8 finalizzata alla creazione di un database di candidature da tenere in evidenza per eventuali future selezioni di Autisti BUS da inserire attraverso il contratto di Apprendistato. Possono partecipare alla Ricerca: candidati gi\u00e0 in possesso di Patente di guida D e CQC passeggeri in corso di&nbsp;<a href=\"https:\/\/www.amt.genova.it\/amt\/amministrazione-trasparente\/ricerca-personale\/ricerca-di-personale-autista-bus\/\" class=\"read-more\">Continue Reading<\/a>","protected":false},"author":2,"featured_media":0,"parent":20015,"menu_order":0,"comment_status":"closed","ping_status":"closed","template":"page-fullwidth.php","meta":{"footnotes":""},"class_list":["post-20466","page","type-page","status-publish","hentry"],"_links":{"self":[{"href":"https:\/\/www.amt.genova.it\/amt\/wp-json\/wp\/v2\/pages\/20466","targetHints":{"allow":["GET"]}}],"collection":[{"href":"https:\/\/www.amt.genova.it\/amt\/wp-json\/wp\/v2\/pages"}],"about":[{"href":"https:\/\/www.amt.genova.it\/amt\/wp-json\/wp\/v2\/types\/page"}],"author":[{"embeddable":true,"href":"https:\/\/www.amt.genova.it\/amt\/wp-json\/wp\/v2\/users\/2"}],"replies":[{"embeddable":true,"href":"https:\/\/www.amt.genova.it\/amt\/wp-json\/wp\/v2\/comments?post=20466"}],"version-history":[{"count":15,"href":"https:\/\/www.amt.genova.it\/amt\/wp-json\/wp\/v2\/pages\/20466\/revisions"}],"predecessor-version":[{"id":22314,"href":"https:\/\/www.amt.genova.it\/amt\/wp-json\/wp\/v2\/pages\/20466\/revisions\/22314"}],"up":[{"embeddable":true,"href":"https:\/\/www.amt.genova.it\/amt\/wp-json\/wp\/v2\/pages\/20015"}],"wp:attachment":[{"href":"https:\/\/www.amt.genova.it\/amt\/wp-json\/wp\/v2\/media?parent=20466"}],"curies":[{"name":"wp","href":"https:\/\/api.w.org\/{rel}","templated":true}]}}