{"id":17505,"date":"2018-11-08T16:29:20","date_gmt":"2018-11-08T15:29:20","guid":{"rendered":"https:\/\/www.amt.genova.it\/amt\/?page_id=17505"},"modified":"2025-05-08T10:53:11","modified_gmt":"2025-05-08T08:53:11","slug":"lavora-con-noi-3","status":"publish","type":"page","link":"https:\/\/www.amt.genova.it\/amt\/lavora-con-noi-3\/","title":{"rendered":"Lavora con noi"},"content":{"rendered":"<p><strong><img loading=\"lazy\" decoding=\"async\" class=\"alignleft wp-image-34710 size-medium\" src=\"https:\/\/www.amt.genova.it\/amt\/wp-content\/uploads\/2022\/08\/amtgenova-300x201.jpg\" alt=\"\" width=\"300\" height=\"201\" srcset=\"https:\/\/www.amt.genova.it\/amt\/wp-content\/uploads\/2022\/08\/amtgenova-300x201.jpg 300w, https:\/\/www.amt.genova.it\/amt\/wp-content\/uploads\/2022\/08\/amtgenova.jpg 553w\" sizes=\"auto, (max-width: 300px) 100vw, 300px\" \/><\/strong><\/p>\n<p><strong>Pi\u00f9 di 3.000 persone<\/strong> formano la grande Citt\u00e0 dei Mestieri di AMT: professionisti che ogni giorno programmano, organizzano, gestiscono e controllano la mobilit\u00e0 pubblica nelle aree urbane ed extraurbane della Citt\u00e0 Metropolitana di Genova.<\/p>\n<p>Un insieme composito di professioni che ogni giorno lavora con impegno e dedizione.<\/p>\n<p>Negli ultimi 9 anni, dal 2015 al 1\u00b0 dicembre 2024, abbiamo offerto un\u2019opportunit\u00e0 lavorativa a 1.365 persone, tra autisti, operai e impiegati. Nel tessuto produttivo ligure siamo una realt\u00e0 vitale e dinamica.<\/p>\n<p>AMT recluta il personale attraverso delle Selezioni (NON dei concorsi) garantendo sempre il rispetto dei principi di pubblicit\u00e0, trasparenza, imparzialit\u00e0 e pari opportunit\u00e0 cos\u00ec come previsto dal Codice Etico aziendale.<\/p>\n<p>&nbsp;<\/p>\n<p>Periodicamente viene aperta l\u2019opportunit\u00e0 di segnalare la propria candidatura per l\u2019inserimento in appositi database attraverso una <strong>Ricerca di Personale<\/strong>. Tale strumento serve all\u2019Azienda per conoscere il bacino dei potenziali candidati che il mercato del lavoro offre in un determinato momento. Spesso in questi ultimi anni le ricerche hanno offerto spunto ai giovani per orientare le scelte verso un percorso professionale, ad es. Autista Bus, che fino a quel momento non era stato preso in considerazione.<\/p>\n<p>Con la <strong>Selezione<\/strong> si concretizzano i percorsi di inserimento in Azienda, in genere dopo che il piano dei Fabbisogno di Personale \u00e8 stato approvato dal Comune. Ogni Selezione si riferisce ad una specifica figura professionale e per tale motivo sono sempre previsti dei precisi requisiti di accesso, definiti di volta in volta nell'Avviso di Selezione.<\/p>\n<p>E\u2019 possibile consultare le Selezioni che AMT ha effettuato in questi ultimi anni, andando nella sezione del sito chiamata \u2018Societ\u00e0 trasparente\u2019 alla voce \u2018<a href=\"https:\/\/www.amt.genova.it\/amt\/societa_trasparente\/bandi-di-concorso\/\">Selezione del Personale<\/a>\u2019.<\/p>\n<p>&nbsp;<\/p>\n<div class=\"alert alert-info fade in \">\n<p>Invitiamo le candidate e i candidati interessati a lavorare con noi a inoltrare il proprio Curriculum Vitae <strong>soltanto in occasione dell'avvio di Selezioni, delle quali daremo notizia pubblicando il relativo Avviso di Selezione<\/strong> in questa sezione del sito.<\/p>\n<p><strong>Non verranno prese in considerazione<\/strong> candidature spontanee pervenute con modalit\u00e0 diverse da quelle indicate.<\/p>\n<\/div>\n<p>&nbsp;<\/p>\n<p>&nbsp;<\/p>\n ","protected":false},"excerpt":{"rendered":"Pi\u00f9 di 3.000 persone formano la grande Citt\u00e0 dei Mestieri di AMT: professionisti che ogni giorno programmano, organizzano, gestiscono e controllano la mobilit\u00e0 pubblica nelle aree urbane ed extraurbane della Citt\u00e0 Metropolitana di Genova. Un insieme composito di professioni che ogni giorno lavora con impegno e dedizione. Negli ultimi 9 anni, dal 2015 al 1\u00b0 dicembre 2024, abbiamo offerto un\u2019opportunit\u00e0&nbsp;<a href=\"https:\/\/www.amt.genova.it\/amt\/lavora-con-noi-3\/\" class=\"read-more\">Continue Reading<\/a>","protected":false},"author":2,"featured_media":0,"parent":0,"menu_order":0,"comment_status":"closed","ping_status":"closed","template":"page-fullwidth.php","meta":{"footnotes":""},"class_list":["post-17505","page","type-page","status-publish","hentry"],"_links":{"self":[{"href":"https:\/\/www.amt.genova.it\/amt\/wp-json\/wp\/v2\/pages\/17505","targetHints":{"allow":["GET"]}}],"collection":[{"href":"https:\/\/www.amt.genova.it\/amt\/wp-json\/wp\/v2\/pages"}],"about":[{"href":"https:\/\/www.amt.genova.it\/amt\/wp-json\/wp\/v2\/types\/page"}],"author":[{"embeddable":true,"href":"https:\/\/www.amt.genova.it\/amt\/wp-json\/wp\/v2\/users\/2"}],"replies":[{"embeddable":true,"href":"https:\/\/www.amt.genova.it\/amt\/wp-json\/wp\/v2\/comments?post=17505"}],"version-history":[{"count":12,"href":"https:\/\/www.amt.genova.it\/amt\/wp-json\/wp\/v2\/pages\/17505\/revisions"}],"predecessor-version":[{"id":49214,"href":"https:\/\/www.amt.genova.it\/amt\/wp-json\/wp\/v2\/pages\/17505\/revisions\/49214"}],"wp:attachment":[{"href":"https:\/\/www.amt.genova.it\/amt\/wp-json\/wp\/v2\/media?parent=17505"}],"curies":[{"name":"wp","href":"https:\/\/api.w.org\/{rel}","templated":true}]}}